CRAN Package Check Results for Package auto.pca

Last updated on 2024-06-13 05:58:57 CEST.

Flavor Version Tinstall Tcheck Ttotal Status Flags
r-devel-linux-x86_64-debian-clang 0.3 2.65 30.75 33.40 NOTE
r-devel-linux-x86_64-debian-gcc 0.3 2.44 24.05 26.49 NOTE
r-devel-linux-x86_64-fedora-clang 0.3 44.09 NOTE
r-devel-linux-x86_64-fedora-gcc 0.3 41.40 NOTE
r-devel-windows-x86_64 0.3 3.00 43.00 46.00 NOTE
r-patched-linux-x86_64 0.3 2.58 30.49 33.07 NOTE
r-release-linux-x86_64 0.3 2.88 29.38 32.26 NOTE
r-release-macos-arm64 0.3 17.00 NOTE
r-release-macos-x86_64 0.3 25.00 NOTE
r-release-windows-x86_64 0.3 4.00 45.00 49.00 NOTE
r-oldrel-macos-arm64 0.3 15.00 NOTE
r-oldrel-macos-x86_64 0.3 26.00 NOTE
r-oldrel-windows-x86_64 0.3 4.00 49.00 53.00 NOTE

Check Details

Version: 0.3
Check: LazyData
Result: NOTE 'LazyData' is specified without a 'data' directory Flavors: r-devel-linux-x86_64-debian-clang, r-devel-linux-x86_64-debian-gcc, r-devel-linux-x86_64-fedora-clang, r-devel-linux-x86_64-fedora-gcc, r-devel-windows-x86_64, r-patched-linux-x86_64, r-release-linux-x86_64, r-release-macos-arm64, r-release-macos-x86_64, r-release-windows-x86_64, r-oldrel-macos-arm64, r-oldrel-macos-x86_64, r-oldrel-windows-x86_64