Last updated on 2025-01-13 19:49:28 CET.
Flavor | Version | Tinstall | Tcheck | Ttotal | Status | Flags |
---|---|---|---|---|---|---|
r-devel-linux-x86_64-debian-clang | 2.0.5 | 13.58 | 228.54 | 242.12 | OK | |
r-devel-linux-x86_64-debian-gcc | 2.0.5 | 8.08 | 145.32 | 153.40 | OK | |
r-devel-linux-x86_64-fedora-clang | 2.0.5 | 402.69 | OK | |||
r-devel-linux-x86_64-fedora-gcc | 2.0.5 | 1969.39 | ERROR | |||
r-devel-windows-x86_64 | 2.0.5 | 15.00 | 331.00 | 346.00 | OK | |
r-patched-linux-x86_64 | 2.0.5 | 11.54 | 210.88 | 222.42 | OK | |
r-release-linux-x86_64 | 2.0.5 | 10.27 | 209.22 | 219.49 | OK | |
r-release-macos-arm64 | 2.0.5 | 136.00 | OK | |||
r-release-macos-x86_64 | 2.0.5 | 87.00 | OK | |||
r-release-windows-x86_64 | 2.0.5 | 15.00 | 367.00 | 382.00 | OK | |
r-oldrel-macos-arm64 | 2.0.5 | 132.00 | OK | |||
r-oldrel-macos-x86_64 | 2.0.5 | 414.00 | OK | |||
r-oldrel-windows-x86_64 | 2.0.5 | 17.00 | 410.00 | 427.00 | OK |
Version: 2.0.5
Check: re-building of vignette outputs
Result: ERROR
Error(s) in re-building vignettes:
--- re-building ‘start_guide.Rmd’ using rmarkdown
Flavor: r-devel-linux-x86_64-fedora-gcc