CRAN Package Check Results for Package auditor

Last updated on 2024-07-22 06:49:02 CEST.

Flavor Version Tinstall Tcheck Ttotal Status Flags
r-devel-linux-x86_64-debian-clang 1.3.5 13.49 259.62 273.11 OK
r-devel-linux-x86_64-debian-gcc 1.3.5 9.10 199.22 208.32 OK
r-devel-linux-x86_64-fedora-clang 1.3.5 342.98 NOTE
r-devel-linux-x86_64-fedora-gcc 1.3.5 341.24 OK
r-devel-windows-x86_64 1.3.5 12.00 242.00 254.00 OK
r-patched-linux-x86_64 1.3.5 13.79 253.59 267.38 OK
r-release-linux-x86_64 1.3.5 8.86 254.95 263.81 OK
r-release-macos-arm64 1.3.5 109.00 OK
r-release-macos-x86_64 1.3.5 212.00 OK
r-release-windows-x86_64 1.3.5 11.00 246.00 257.00 OK
r-oldrel-macos-arm64 1.3.5 117.00 OK
r-oldrel-macos-x86_64 1.3.5 264.00 OK
r-oldrel-windows-x86_64 1.3.5 14.00 298.00 312.00 OK

Check Details

Version: 1.3.5
Check: Rd cross-references
Result: NOTE Undeclared package ‘gtable’ in Rd xrefs Flavor: r-devel-linux-x86_64-fedora-clang