CRAN Package Check Results for Package asciicast

Last updated on 2024-06-13 17:49:02 CEST.

Flavor Version Tinstall Tcheck Ttotal Status Flags
r-devel-linux-x86_64-debian-clang 2.3.1 8.39 50.19 58.58 OK
r-devel-linux-x86_64-debian-gcc 2.3.1 0.80 1.71 2.51 ERROR
r-devel-linux-x86_64-fedora-clang 2.3.1 73.90 OK
r-devel-linux-x86_64-fedora-gcc 2.3.1 67.32 OK
r-devel-windows-x86_64 2.3.1 17.00 58.00 75.00 OK
r-patched-linux-x86_64 2.3.1 8.77 48.00 56.77 OK
r-release-linux-x86_64 2.3.1 8.51 46.59 55.10 OK
r-release-macos-arm64 2.3.1 26.00 OK
r-release-macos-x86_64 2.3.1 39.00 OK
r-release-windows-x86_64 2.3.1 19.00 60.00 79.00 OK
r-oldrel-macos-arm64 2.3.1 34.00 OK
r-oldrel-macos-x86_64 2.3.1 52.00 OK
r-oldrel-windows-x86_64 2.3.1 22.00 66.00 88.00 OK

Check Details

Version: 2.3.1
Check: package dependencies
Result: ERROR Packages required but not available: 'magick', 'tibble' Packages suggested but not available for checking: 'decor', 'mockery', 'testthat' See section ‘The DESCRIPTION file’ in the ‘Writing R Extensions’ manual. Flavor: r-devel-linux-x86_64-debian-gcc