CRAN Package Check Results for Package arthistory

Last updated on 2024-06-14 17:58:09 CEST.

Flavor Version Tinstall Tcheck Ttotal Status Flags
r-devel-linux-x86_64-debian-clang 0.1.0 2.27 25.44 27.71 OK
r-devel-linux-x86_64-debian-gcc 0.1.0 1.71 20.01 21.72 OK
r-devel-linux-x86_64-fedora-clang 0.1.0 36.32 NOTE
r-devel-linux-x86_64-fedora-gcc 0.1.0 33.49 NOTE
r-devel-windows-x86_64 0.1.0 4.00 42.00 46.00 OK
r-patched-linux-x86_64 0.1.0 2.47 25.51 27.98 OK
r-release-linux-x86_64 0.1.0 1.89 24.60 26.49 OK
r-release-macos-arm64 0.1.0 16.00 OK
r-release-macos-x86_64 0.1.0 24.00 OK
r-release-windows-x86_64 0.1.0 3.00 44.00 47.00 OK
r-oldrel-macos-arm64 0.1.0 19.00 OK
r-oldrel-macos-x86_64 0.1.0 22.00 OK
r-oldrel-windows-x86_64 0.1.0 5.00 46.00 51.00 OK

Check Details

Version: 0.1.0
Check: data for non-ASCII characters
Result: NOTE Note: found 1409 marked UTF-8 strings Flavors: r-devel-linux-x86_64-fedora-clang, r-devel-linux-x86_64-fedora-gcc