CRAN Package Check Results for Package arrApply

Last updated on 2024-07-20 18:57:25 CEST.

Flavor Version Tinstall Tcheck Ttotal Status Flags
r-devel-linux-x86_64-debian-clang 2.2 26.75 29.54 56.29 NOTE
r-devel-linux-x86_64-debian-gcc 2.2 22.56 22.72 45.28 NOTE
r-devel-linux-x86_64-fedora-clang 2.2 98.56 NOTE
r-devel-linux-x86_64-fedora-gcc 2.2 102.37 NOTE
r-devel-windows-x86_64 2.2 28.00 58.00 86.00 NOTE
r-patched-linux-x86_64 2.2 34.68 28.82 63.50 NOTE
r-release-linux-x86_64 2.2 35.66 29.04 64.70 NOTE
r-release-macos-arm64 2.2 26.00 NOTE
r-release-macos-x86_64 2.2 37.00 NOTE
r-release-windows-x86_64 2.2 32.00 61.00 93.00 NOTE
r-oldrel-macos-arm64 2.2 29.00 NOTE
r-oldrel-macos-x86_64 2.2 46.00 NOTE
r-oldrel-windows-x86_64 2.2 39.00 70.00 109.00 NOTE

Check Details

Version: 2.2
Check: C++ specification
Result: NOTE Specified C++11: please drop specification unless essential Flavors: r-devel-linux-x86_64-debian-clang, r-devel-linux-x86_64-debian-gcc, r-devel-linux-x86_64-fedora-clang, r-devel-linux-x86_64-fedora-gcc, r-devel-windows-x86_64, r-patched-linux-x86_64, r-release-linux-x86_64, r-release-macos-arm64, r-release-macos-x86_64, r-release-windows-x86_64, r-oldrel-macos-arm64, r-oldrel-macos-x86_64, r-oldrel-windows-x86_64