CRAN Package Check Results for Package apsimx

Last updated on 2024-07-24 06:57:09 CEST.

Flavor Version Tinstall Tcheck Ttotal Status Flags
r-devel-linux-x86_64-debian-clang 2.7.7 29.08 249.64 278.72 OK
r-devel-linux-x86_64-debian-gcc 2.7.7 20.22 180.41 200.63 OK
r-devel-linux-x86_64-fedora-clang 2.7.7 353.91 NOTE
r-devel-linux-x86_64-fedora-gcc 2.7.7 346.04 NOTE
r-devel-windows-x86_64 2.7.7 26.00 197.00 223.00 NOTE
r-patched-linux-x86_64 2.7.7 26.59 235.09 261.68 OK
r-release-linux-x86_64 2.7.7 22.20 236.49 258.69 OK
r-release-macos-arm64 2.7.7 115.00 NOTE
r-release-macos-x86_64 2.7.7 143.00 NOTE
r-release-windows-x86_64 2.7.7 24.00 197.00 221.00 NOTE
r-oldrel-macos-arm64 2.7.7 128.00 NOTE
r-oldrel-macos-x86_64 2.7.7 242.00 NOTE
r-oldrel-windows-x86_64 2.7.7 31.00 262.00 293.00 NOTE

Check Details

Version: 2.7.7
Check: package dependencies
Result: NOTE Package suggested but not available for checking: ‘FedData’ Flavors: r-devel-linux-x86_64-fedora-clang, r-devel-linux-x86_64-fedora-gcc

Version: 2.7.7
Check: installed package size
Result: NOTE installed size is 7.1Mb sub-directories of 1Mb or more: extdata 5.5Mb Flavors: r-devel-linux-x86_64-fedora-clang, r-devel-windows-x86_64, r-release-macos-arm64, r-release-macos-x86_64, r-release-windows-x86_64, r-oldrel-macos-arm64, r-oldrel-macos-x86_64, r-oldrel-windows-x86_64