CRAN Package Check Results for Package apmx

Last updated on 2024-06-14 05:58:15 CEST.

Flavor Version Tinstall Tcheck Ttotal Status Flags
r-devel-linux-x86_64-debian-clang 1.1.1 10.46 176.73 187.19 OK
r-devel-linux-x86_64-debian-gcc 1.1.1 0.46 1.72 2.18 ERROR
r-devel-linux-x86_64-fedora-clang 1.1.1 230.71 OK
r-devel-linux-x86_64-fedora-gcc 1.1.1 231.55 OK
r-devel-windows-x86_64 1.1.1 8.00 138.00 146.00 OK
r-patched-linux-x86_64 1.1.1 8.64 178.40 187.04 OK
r-release-linux-x86_64 1.1.1 5.24 175.21 180.45 OK
r-release-macos-arm64 1.1.1 71.00 OK
r-release-macos-x86_64 1.1.1 111.00 OK
r-release-windows-x86_64 1.1.1 9.00 140.00 149.00 OK
r-oldrel-macos-arm64 1.1.1 74.00 OK
r-oldrel-macos-x86_64 1.1.1 138.00 OK
r-oldrel-windows-x86_64 1.1.1 10.00 174.00 184.00 OK

Check Details

Version: 1.1.1
Check: package dependencies
Result: ERROR Packages required but not available: 'dplyr', 'tidyr', 'purrr', 'this.path', 'tidyselect' Packages suggested but not available for checking: 'testthat', 'tibble' See section ‘The DESCRIPTION file’ in the ‘Writing R Extensions’ manual. Flavor: r-devel-linux-x86_64-debian-gcc