CRAN Package Check Results for Package apdesign

Last updated on 2024-06-13 05:58:57 CEST.

Flavor Version Tinstall Tcheck Ttotal Status Flags
r-devel-linux-x86_64-debian-clang 1.0.0 1.73 27.02 28.75 OK
r-devel-linux-x86_64-debian-gcc 1.0.0 1.65 20.93 22.58 NOTE
r-devel-linux-x86_64-fedora-clang 1.0.0 36.76 OK
r-devel-linux-x86_64-fedora-gcc 1.0.0 34.20 OK
r-devel-windows-x86_64 1.0.0 2.00 47.00 49.00 OK
r-patched-linux-x86_64 1.0.0 1.72 25.99 27.71 OK
r-release-linux-x86_64 1.0.0 1.88 25.61 27.49 OK
r-release-macos-arm64 1.0.0 17.00 OK
r-release-macos-x86_64 1.0.0 28.00 OK
r-release-windows-x86_64 1.0.0 2.00 48.00 50.00 OK
r-oldrel-macos-arm64 1.0.0 20.00 OK
r-oldrel-macos-x86_64 1.0.0 22.00 OK
r-oldrel-windows-x86_64 1.0.0 3.00 48.00 51.00 OK

Check Details

Version: 1.0.0
Check: package dependencies
Result: NOTE Package suggested but not available for checking: ‘testthat’ Flavor: r-devel-linux-x86_64-debian-gcc