CRAN Package Check Results for Package aods3

Last updated on 2024-06-13 17:49:02 CEST.

Flavor Version Tinstall Tcheck Ttotal Status Flags
r-devel-linux-x86_64-debian-clang 0.4-1.2 3.77 42.04 45.81 NOTE
r-devel-linux-x86_64-debian-gcc 0.4-1.2 2.71 28.50 31.21 ERROR
r-devel-linux-x86_64-fedora-clang 0.4-1.2 57.13 NOTE
r-devel-linux-x86_64-fedora-gcc 0.4-1.2 53.74 NOTE
r-devel-windows-x86_64 0.4-1.2 4.00 55.00 59.00 NOTE
r-patched-linux-x86_64 0.4-1.2 3.45 39.72 43.17 NOTE
r-release-linux-x86_64 0.4-1.2 3.26 40.40 43.66 NOTE
r-release-macos-arm64 0.4-1.2 19.00 NOTE
r-release-macos-x86_64 0.4-1.2 33.00 NOTE
r-release-windows-x86_64 0.4-1.2 5.00 55.00 60.00 NOTE
r-oldrel-macos-arm64 0.4-1.2 22.00 OK
r-oldrel-macos-x86_64 0.4-1.2 28.00 OK
r-oldrel-windows-x86_64 0.4-1.2 4.00 62.00 66.00 OK

Additional issues

M1mac

Check Details

Version: 0.4-1.2
Check: Rd files
Result: NOTE checkRd: (-1) gof.Rd:32: Lost braces 32 | Assuming that the data length is \eqn{N} and the number of the parameters in the model is \eqn{p}, eqn{D} and eqn{X^2} are compared to a chi-squared distribution with \eqn{N-p} degrees of freedom. | ^ checkRd: (-1) gof.Rd:32: Lost braces 32 | Assuming that the data length is \eqn{N} and the number of the parameters in the model is \eqn{p}, eqn{D} and eqn{X^2} are compared to a chi-squared distribution with \eqn{N-p} degrees of freedom. | ^ checkRd: (-1) iccbin.Rd:23: Lost braces 23 | \item{m}{A vector of the numbers of successes (proportions are eqn{y = m / n}).} | ^ checkRd: (-1) varbin.Rd:22: Lost braces 22 | \item{m}{A vector of the numbers of successes (proportions are eqn{y = m / n}).} | ^ Flavors: r-devel-linux-x86_64-debian-clang, r-devel-linux-x86_64-debian-gcc, r-devel-linux-x86_64-fedora-clang, r-devel-linux-x86_64-fedora-gcc, r-devel-windows-x86_64, r-patched-linux-x86_64, r-release-linux-x86_64, r-release-macos-arm64, r-release-macos-x86_64, r-release-windows-x86_64

Version: 0.4-1.2
Check: package dependencies
Result: NOTE Package suggested but not available for checking: ‘lme4’ Flavor: r-devel-linux-x86_64-debian-gcc

Version: 0.4-1.2
Check: examples
Result: ERROR Running examples in ‘aods3-Ex.R’ failed The error most likely occurred in: > base::assign(".ptime", proc.time(), pos = "CheckExEnv") > ### Name: iccbin > ### Title: Intra-Cluster Correlation for Clustered Binomial data > ### Aliases: iccbin print.iccbin > ### Keywords: datagen > > ### ** Examples > > data(rats) > z <- rats[rats$group == "TREAT", ] > # A: glmm (model linearization) > iccbin(z$n, z$m, method = "A") Error in loadNamespace(x) : there is no package called ‘lme4’ Calls: iccbin ... loadNamespace -> withRestarts -> withOneRestart -> doWithOneRestart Execution halted Flavor: r-devel-linux-x86_64-debian-gcc