CRAN Package Check Results for Package anytime

Last updated on 2024-07-16 07:01:32 CEST.

Flavor Version Tinstall Tcheck Ttotal Status Flags
r-devel-linux-x86_64-debian-clang 0.3.9 23.25 39.36 62.61 NOTE
r-devel-linux-x86_64-debian-gcc 0.3.9 16.91 30.32 47.23 NOTE
r-devel-linux-x86_64-fedora-clang 0.3.9 83.87 NOTE
r-devel-linux-x86_64-fedora-gcc 0.3.9 100.22 NOTE
r-devel-windows-x86_64 0.3.9 28.00 80.00 108.00 NOTE
r-patched-linux-x86_64 0.3.9 24.20 38.16 62.36 NOTE
r-release-linux-x86_64 0.3.9 22.10 37.81 59.91 NOTE
r-release-macos-arm64 0.3.9 34.00 NOTE
r-release-macos-x86_64 0.3.9 50.00 NOTE
r-release-windows-x86_64 0.3.9 28.00 81.00 109.00 NOTE
r-oldrel-macos-arm64 0.3.9 38.00 NOTE
r-oldrel-macos-x86_64 0.3.9 57.00 NOTE
r-oldrel-windows-x86_64 0.3.9 27.00 88.00 115.00 NOTE

Check Details

Version: 0.3.9
Check: C++ specification
Result: NOTE Specified C++11: please drop specification unless essential Flavors: r-devel-linux-x86_64-debian-clang, r-devel-linux-x86_64-debian-gcc, r-devel-linux-x86_64-fedora-clang, r-devel-linux-x86_64-fedora-gcc, r-devel-windows-x86_64, r-patched-linux-x86_64, r-release-linux-x86_64, r-release-macos-arm64, r-release-macos-x86_64, r-release-windows-x86_64, r-oldrel-macos-arm64, r-oldrel-macos-x86_64, r-oldrel-windows-x86_64