CRAN Package Check Results for Package annotator

Last updated on 2024-06-13 05:58:57 CEST.

Flavor Version Tinstall Tcheck Ttotal Status Flags
r-devel-linux-x86_64-debian-clang 0.0.3.1 4.06 39.68 43.74 OK
r-devel-linux-x86_64-debian-gcc 0.0.3.1 3.57 29.48 33.05 ERROR
r-devel-linux-x86_64-fedora-clang 0.0.3.1 54.92 OK
r-devel-linux-x86_64-fedora-gcc 0.0.3.1 52.08 OK
r-devel-windows-x86_64 0.0.3.1 5.00 51.00 56.00 OK
r-patched-linux-x86_64 0.0.3.1 6.91 39.10 46.01 OK
r-release-linux-x86_64 0.0.3.1 4.53 37.53 42.06 OK
r-release-macos-arm64 0.0.3.1 23.00 OK
r-release-macos-x86_64 0.0.3.1 35.00 OK
r-release-windows-x86_64 0.0.3.1 6.00 53.00 59.00 OK
r-oldrel-macos-arm64 0.0.3.1 24.00 OK
r-oldrel-macos-x86_64 0.0.3.1 41.00 OK
r-oldrel-windows-x86_64 0.0.3.1 5.00 57.00 62.00 OK

Check Details

Version: 0.0.3.1
Check: package dependencies
Result: NOTE Packages suggested but not available for checking: 'testthat', 'stringr', 'colourpicker' Flavor: r-devel-linux-x86_64-debian-gcc

Version: 0.0.3.1
Check: tests
Result: ERROR Running ‘spelling.R’ [0s/1s] Running ‘testthat.R’ [0s/1s] Running the tests in ‘tests/testthat.R’ failed. Complete output: > # This file is part of the standard setup for testthat. > # It is recommended that you do not modify it. > # > # Where should you do additional test configuration? > # Learn more about the roles of various files in: > # * https://r-pkgs.org/tests.html > # * https://testthat.r-lib.org/reference/test_package.html#special-files > > library(testthat) Error in library(testthat) : there is no package called 'testthat' Execution halted Flavor: r-devel-linux-x86_64-debian-gcc