CRAN Package Check Results for Package anipaths

Last updated on 2024-06-13 17:49:02 CEST.

Flavor Version Tinstall Tcheck Ttotal Status Flags
r-devel-linux-x86_64-debian-clang 0.10.3 15.93 248.37 264.30 OK
r-devel-linux-x86_64-debian-gcc 0.10.3 0.49 1.72 2.21 ERROR
r-devel-linux-x86_64-fedora-clang 0.10.3 332.13 OK
r-devel-linux-x86_64-fedora-gcc 0.10.3 330.40 OK
r-devel-windows-x86_64 0.10.3 16.00 201.00 217.00 OK
r-patched-linux-x86_64 0.10.3 17.69 240.24 257.93 OK
r-release-linux-x86_64 0.10.3 16.76 240.29 257.05 OK
r-release-macos-arm64 0.10.3 119.00 OK
r-release-macos-x86_64 0.10.3 249.00 OK
r-release-windows-x86_64 0.10.3 16.00 201.00 217.00 OK
r-oldrel-macos-arm64 0.10.3 131.00 OK
r-oldrel-macos-x86_64 0.10.3 254.00 OK
r-oldrel-windows-x86_64 0.10.3 21.00 251.00 272.00 OK

Check Details

Version: 0.10.3
Check: package dependencies
Result: ERROR Packages required but not available: 'animation', 'crawl', 'ggmap', 'dplyr', 'ggplot2', 'igraph', 'lubridate', 'stringr', 'tidyr', 'tidyselect' Package suggested but not available for checking: ‘testthat’ See section ‘The DESCRIPTION file’ in the ‘Writing R Extensions’ manual. Flavor: r-devel-linux-x86_64-debian-gcc