CRAN Package Check Results for Package anim.plots

Last updated on 2024-07-13 18:55:27 CEST.

Flavor Version Tinstall Tcheck Ttotal Status Flags
r-devel-linux-x86_64-debian-clang 0.2.2 3.31 43.32 46.63 OK
r-devel-linux-x86_64-debian-gcc 0.2.2 2.25 33.46 35.71 OK
r-devel-linux-x86_64-fedora-clang 0.2.2 60.26 OK
r-devel-linux-x86_64-fedora-gcc 0.2.2 69.78 OK
r-devel-windows-x86_64 0.2.2 4.00 71.00 75.00 NOTE
r-patched-linux-x86_64 0.2.2 5.65 41.91 47.56 OK
r-release-linux-x86_64 0.2.2 3.01 40.86 43.87 OK
r-release-macos-arm64 0.2.2 29.00 OK
r-release-macos-x86_64 0.2.2 43.00 OK
r-release-windows-x86_64 0.2.2 4.00 66.00 70.00 OK
r-oldrel-macos-arm64 0.2.2 28.00 OK
r-oldrel-macos-x86_64 0.2.2 44.00 OK
r-oldrel-windows-x86_64 0.2.2 4.00 65.00 69.00 OK

Check Details

Version: 0.2.2
Check: Rd cross-references
Result: NOTE Found the following Rd file(s) with Rd \link{} targets missing package anchors: anim.save.Rd: saveGIF Please provide package anchors for all Rd \link{} targets not in the package itself and the base packages. Flavor: r-devel-windows-x86_64