Last updated on 2025-06-19 12:48:39 CEST.
Flavor | Version | Tinstall | Tcheck | Ttotal | Status | Flags |
---|---|---|---|---|---|---|
r-devel-linux-x86_64-debian-clang | 0.2.2.0 | 18.51 | 374.32 | 392.83 | OK | |
r-devel-linux-x86_64-debian-gcc | 0.2.2.0 | 13.84 | 247.28 | 261.12 | OK | |
r-devel-linux-x86_64-fedora-clang | 0.2.2.0 | 675.17 | OK | |||
r-devel-linux-x86_64-fedora-gcc | 0.2.2.0 | 683.37 | OK | |||
r-devel-windows-x86_64 | 0.2.2.0 | 20.00 | 347.00 | 367.00 | OK | |
r-patched-linux-x86_64 | 0.2.2.0 | 18.16 | 350.91 | 369.07 | OK | |
r-release-linux-x86_64 | 0.2.2.0 | 16.81 | 355.56 | 372.37 | OK | |
r-release-macos-arm64 | 0.2.2.0 | 5.00 | ERROR | |||
r-release-macos-x86_64 | 0.2.2.0 | 372.00 | OK | |||
r-release-windows-x86_64 | 0.2.2.0 | 22.00 | 345.00 | 367.00 | OK | |
r-oldrel-macos-arm64 | 0.2.2.0 | 163.00 | OK | |||
r-oldrel-macos-x86_64 | 0.2.2.0 | 273.00 | OK | |||
r-oldrel-windows-x86_64 | 0.2.2.0 | 28.00 | 460.00 | 488.00 | OK |
Version: 0.2.2.0
Check: package dependencies
Result: ERROR
Package required but not available: ‘ctmm’
See section ‘The DESCRIPTION file’ in the ‘Writing R Extensions’
manual.
Flavor: r-release-macos-arm64