CRAN Package Check Results for Package altfuelr

Last updated on 2024-06-13 17:49:02 CEST.

Flavor Version Tinstall Tcheck Ttotal Status Flags
r-devel-linux-x86_64-debian-clang 0.1.0 4.81 27.96 32.77 OK
r-devel-linux-x86_64-debian-gcc 0.1.0 0.48 1.54 2.02 ERROR
r-devel-linux-x86_64-fedora-clang 0.1.0 43.19 NOTE
r-devel-linux-x86_64-fedora-gcc 0.1.0 43.57 NOTE
r-devel-windows-x86_64 0.1.0 6.00 45.00 51.00 OK
r-patched-linux-x86_64 0.1.0 5.75 27.17 32.92 OK
r-release-linux-x86_64 0.1.0 5.04 28.50 33.54 OK
r-release-macos-arm64 0.1.0 19.00 OK
r-release-macos-x86_64 0.1.0 29.00 OK
r-release-windows-x86_64 0.1.0 6.00 47.00 53.00 OK
r-oldrel-macos-arm64 0.1.0 23.00 OK
r-oldrel-macos-x86_64 0.1.0 31.00 OK
r-oldrel-windows-x86_64 0.1.0 9.00 50.00 59.00 OK

Check Details

Version: 0.1.0
Check: package dependencies
Result: ERROR Packages required but not available: 'purrr', 'lubridate', 'dplyr', 'stringr' See section ‘The DESCRIPTION file’ in the ‘Writing R Extensions’ manual. Flavor: r-devel-linux-x86_64-debian-gcc

Version: 0.1.0
Check: data for non-ASCII characters
Result: NOTE Note: found 171 marked UTF-8 strings Flavors: r-devel-linux-x86_64-fedora-clang, r-devel-linux-x86_64-fedora-gcc