CRAN Package Check Results for Package akiFlagger

Last updated on 2024-06-13 17:49:01 CEST.

Flavor Version Tinstall Tcheck Ttotal Status Flags
r-devel-linux-x86_64-debian-clang 0.3.0 5.17 53.78 58.95 OK
r-devel-linux-x86_64-debian-gcc 0.3.0 0.36 1.56 1.92 ERROR
r-devel-linux-x86_64-fedora-clang 0.3.0 75.63 OK
r-devel-linux-x86_64-fedora-gcc 0.3.0 71.40 OK
r-devel-windows-x86_64 0.3.0 7.00 57.00 64.00 OK
r-patched-linux-x86_64 0.3.0 4.70 51.87 56.57 OK
r-release-linux-x86_64 0.3.0 3.79 51.70 55.49 OK
r-release-macos-arm64 0.3.0 25.00 OK
r-release-macos-x86_64 0.3.0 36.00 OK
r-release-windows-x86_64 0.3.0 6.00 57.00 63.00 OK
r-oldrel-macos-arm64 0.3.0 26.00 OK
r-oldrel-macos-x86_64 0.3.0 38.00 OK
r-oldrel-windows-x86_64 0.3.0 7.00 68.00 75.00 OK

Check Details

Version: 0.3.0
Check: package dependencies
Result: ERROR Package required but not available: ‘dplyr’ Package suggested but not available for checking: ‘testthat’ See section ‘The DESCRIPTION file’ in the ‘Writing R Extensions’ manual. Flavor: r-devel-linux-x86_64-debian-gcc