CRAN Package Check Results for Package airGRteaching

Last updated on 2024-06-23 17:53:50 CEST.

Flavor Version Tinstall Tcheck Ttotal Status Flags
r-devel-linux-x86_64-debian-clang 0.3.2 7.59 229.16 236.75 OK
r-devel-linux-x86_64-debian-gcc 0.3.2 4.96 188.74 193.70 OK
r-devel-linux-x86_64-fedora-clang 0.3.2 305.75 NOTE
r-devel-linux-x86_64-fedora-gcc 0.3.2 327.19 OK
r-devel-windows-x86_64 0.3.2 9.00 215.00 224.00 NOTE
r-patched-linux-x86_64 0.3.2 8.96 236.99 245.95 OK
r-release-linux-x86_64 0.3.2 7.78 237.06 244.84 OK
r-release-macos-arm64 0.3.2 108.00 NOTE
r-release-macos-x86_64 0.3.2 167.00 NOTE
r-release-windows-x86_64 0.3.2 9.00 219.00 228.00 NOTE
r-oldrel-macos-arm64 0.3.2 96.00 NOTE
r-oldrel-macos-x86_64 0.3.2 186.00 NOTE
r-oldrel-windows-x86_64 0.3.2 11.00 241.00 252.00 NOTE

Check Details

Version: 0.3.2
Check: installed package size
Result: NOTE installed size is 8.0Mb sub-directories of 1Mb or more: ShinyGR 4.3Mb doc 3.5Mb Flavors: r-devel-linux-x86_64-fedora-clang, r-devel-windows-x86_64, r-release-macos-arm64, r-release-macos-x86_64, r-release-windows-x86_64, r-oldrel-macos-arm64, r-oldrel-macos-x86_64, r-oldrel-windows-x86_64