CRAN Package Check Results for Package aggregation

Last updated on 2025-04-30 00:49:36 CEST.

Flavor Version Tinstall Tcheck Ttotal Status Flags
r-devel-linux-x86_64-debian-clang 1.0.1 1.45 16.14 17.59 NOTE
r-devel-linux-x86_64-debian-gcc 1.0.1 1.28 13.64 14.92 NOTE
r-devel-linux-x86_64-fedora-clang 1.0.1 27.07 OK
r-devel-linux-x86_64-fedora-gcc 1.0.1 26.08 OK
r-devel-windows-x86_64 1.0.1 3.00 34.00 37.00 OK
r-patched-linux-x86_64 1.0.1 1.42 15.70 17.12 OK
r-release-linux-x86_64 1.0.1 1.39 15.56 16.95 OK
r-release-macos-arm64 1.0.1 14.00 OK
r-release-macos-x86_64 1.0.1 22.00 OK
r-release-windows-x86_64 1.0.1 2.00 36.00 38.00 OK
r-oldrel-macos-arm64 1.0.1 19.00 OK
r-oldrel-macos-x86_64 1.0.1 18.00 OK
r-oldrel-windows-x86_64 1.0.1 2.00 34.00 36.00 OK

Check Details

Version: 1.0.1
Check: CRAN incoming feasibility
Result: NOTE Maintainer: ‘Lynn Yi <lynnyi@caltech.edu>’ No Authors@R field in DESCRIPTION. Please add one, modifying Authors@R: c(person(given = "Lynn", family = "Yi", role = c("aut", "cre"), email = "lynnyi@caltech.edu"), person(given = "Lior", family = "Pachter", role = "aut")) as necessary. Flavors: r-devel-linux-x86_64-debian-clang, r-devel-linux-x86_64-debian-gcc