CRAN Package Check Results for Package afttest

Last updated on 2024-06-13 05:58:56 CEST.

Flavor Version Tinstall Tcheck Ttotal Status Flags
r-devel-linux-x86_64-debian-clang 4.3.2.3 109.62 123.71 233.33 OK
r-devel-linux-x86_64-debian-gcc 4.3.2.3 0.24 1.67 1.91 ERROR
r-devel-linux-x86_64-fedora-clang 4.3.2.3 271.15 OK
r-devel-linux-x86_64-fedora-gcc 4.3.2.3 267.77 OK
r-devel-windows-x86_64 4.3.2.3 54.00 130.00 184.00 OK
r-patched-linux-x86_64 4.3.2.3 44.89 123.34 168.23 OK
r-release-linux-x86_64 4.3.2.3 60.74 123.96 184.70 OK
r-release-macos-arm64 4.3.2.3 74.00 NOTE
r-release-macos-x86_64 4.3.2.3 111.00 NOTE
r-release-windows-x86_64 4.3.2.3 50.00 131.00 181.00 OK
r-oldrel-macos-arm64 4.3.2.3 88.00 NOTE
r-oldrel-macos-x86_64 4.3.2.3 180.00 NOTE
r-oldrel-windows-x86_64 4.3.2.3 71.00 168.00 239.00 OK

Check Details

Version: 4.3.2.3
Check: package dependencies
Result: ERROR Packages required but not available: 'aftgee', 'ggplot2' Package suggested but not available for checking: ‘testthat’ See section ‘The DESCRIPTION file’ in the ‘Writing R Extensions’ manual. Flavor: r-devel-linux-x86_64-debian-gcc

Version: 4.3.2.3
Check: installed package size
Result: NOTE installed size is 6.9Mb sub-directories of 1Mb or more: libs 6.8Mb Flavors: r-release-macos-arm64, r-release-macos-x86_64, r-oldrel-macos-arm64, r-oldrel-macos-x86_64