CRAN Package Check Results for Package adespatial

Last updated on 2024-06-13 17:49:01 CEST.

Flavor Version Tinstall Tcheck Ttotal Status Flags
r-devel-linux-x86_64-debian-clang 0.3-23 32.46 465.79 498.25 OK
r-devel-linux-x86_64-debian-gcc 0.3-23 0.64 1.79 2.43 ERROR
r-devel-linux-x86_64-fedora-clang 0.3-23 612.89 OK
r-devel-linux-x86_64-fedora-gcc 0.3-23 577.41 OK
r-devel-windows-x86_64 0.3-23 33.00 328.00 361.00 OK
r-patched-linux-x86_64 0.3-23 34.68 434.91 469.59 OK
r-release-linux-x86_64 0.3-23 33.61 425.81 459.42 OK
r-release-macos-arm64 0.3-23 181.00 OK
r-release-macos-x86_64 0.3-23 280.00 OK
r-release-windows-x86_64 0.3-23 36.00 329.00 365.00 OK
r-oldrel-macos-arm64 0.3-23 199.00 OK
r-oldrel-macos-x86_64 0.3-23 292.00 OK
r-oldrel-windows-x86_64 0.3-23 42.00 437.00 479.00 OK

Check Details

Version: 0.3-23
Check: package dependencies
Result: ERROR Package required but not available: ‘adephylo’ See section ‘The DESCRIPTION file’ in the ‘Writing R Extensions’ manual. Flavor: r-devel-linux-x86_64-debian-gcc