CRAN Package Check Results for Package adea

Last updated on 2024-06-13 05:58:56 CEST.

Flavor Version Tinstall Tcheck Ttotal Status Flags
r-devel-linux-x86_64-debian-clang 1.5.1 8.34 121.61 129.95 OK
r-devel-linux-x86_64-debian-gcc 1.5.1 8.17 68.90 77.07 ERROR
r-devel-linux-x86_64-fedora-clang 1.5.1 162.92 OK
r-devel-linux-x86_64-fedora-gcc 1.5.1 162.57 OK
r-devel-windows-x86_64 1.5.1 9.00 100.00 109.00 OK
r-patched-linux-x86_64 1.5.1 9.91 113.07 122.98 OK
r-release-linux-x86_64 1.5.1 9.20 115.10 124.30 OK
r-release-macos-arm64 1.5.1 51.00 OK
r-release-macos-x86_64 1.5.1 91.00 OK
r-release-windows-x86_64 1.5.1 10.00 102.00 112.00 OK
r-oldrel-macos-arm64 1.5.1 51.00 OK
r-oldrel-macos-x86_64 1.5.1 102.00 OK
r-oldrel-windows-x86_64 1.5.1 12.00 115.00 127.00 OK

Check Details

Version: 1.5.1
Check: package dependencies
Result: NOTE Package suggested but not available for checking: ‘testthat’ Flavor: r-devel-linux-x86_64-debian-gcc

Version: 1.5.1
Check: tests
Result: ERROR Running ‘testthat.R’ [0s/1s] Running the tests in ‘tests/testthat.R’ failed. Complete output: > library(testthat) Error in library(testthat) : there is no package called 'testthat' Execution halted Flavor: r-devel-linux-x86_64-debian-gcc