CRAN Package Check Results for Package additiveDEA

Last updated on 2024-06-25 18:48:57 CEST.

Flavor Version Tinstall Tcheck Ttotal Status Flags
r-devel-linux-x86_64-debian-clang 1.1 OK
r-devel-linux-x86_64-debian-gcc 1.1 2.67 24.66 27.33 OK
r-devel-linux-x86_64-fedora-clang 1.1 45.62 NOTE
r-devel-linux-x86_64-fedora-gcc 1.1 43.16 NOTE
r-devel-windows-x86_64 1.1 3.00 46.00 49.00 OK
r-patched-linux-x86_64 1.1 3.70 31.99 35.69 OK
r-release-linux-x86_64 1.1 2.69 32.36 35.05 OK
r-release-macos-arm64 1.1 18.00 OK
r-release-macos-x86_64 1.1 37.00 OK
r-release-windows-x86_64 1.1 3.00 45.00 48.00 OK
r-oldrel-macos-arm64 1.1 19.00 OK
r-oldrel-macos-x86_64 1.1 27.00 OK
r-oldrel-windows-x86_64 1.1 4.00 50.00 54.00 OK

Check Details

Version: 1.1
Check: dependencies in R code
Result: NOTE Namespace in Imports field not imported from: ‘Benchmarking’ All declared Imports should be used. Flavors: r-devel-linux-x86_64-fedora-clang, r-devel-linux-x86_64-fedora-gcc