Last updated on 2025-01-24 07:49:11 CET.
Flavor | Version | Tinstall | Tcheck | Ttotal | Status | Flags |
---|---|---|---|---|---|---|
r-devel-linux-x86_64-debian-clang | 1.2.1 | 13.33 | 98.99 | 112.32 | OK | |
r-devel-linux-x86_64-debian-gcc | 1.2.1 | 10.64 | 65.56 | 76.20 | OK | |
r-devel-linux-x86_64-fedora-clang | 1.2.1 | 176.32 | OK | |||
r-devel-linux-x86_64-fedora-gcc | 1.2.1 | 157.70 | OK | |||
r-devel-windows-x86_64 | 1.2.1 | 16.00 | 111.00 | 127.00 | OK | |
r-patched-linux-x86_64 | 1.2.1 | 12.81 | 88.54 | 101.35 | NOTE | |
r-release-linux-x86_64 | 1.2.1 | 12.87 | 89.23 | 102.10 | NOTE | |
r-release-macos-arm64 | 1.2.1 | 45.00 | NOTE | |||
r-release-macos-x86_64 | 1.2.1 | 66.00 | NOTE | |||
r-release-windows-x86_64 | 1.2.1 | 13.00 | 112.00 | 125.00 | NOTE | |
r-oldrel-macos-arm64 | 1.2.1 | 47.00 | NOTE | |||
r-oldrel-macos-x86_64 | 1.2.1 | 72.00 | NOTE | |||
r-oldrel-windows-x86_64 | 1.2.1 | 17.00 | 139.00 | 156.00 | NOTE |
Version: 1.2.1
Check: LazyData
Result: NOTE
'LazyData' is specified without a 'data' directory
Flavors: r-patched-linux-x86_64, r-release-linux-x86_64, r-release-macos-arm64, r-release-macos-x86_64, r-release-windows-x86_64, r-oldrel-macos-arm64, r-oldrel-macos-x86_64, r-oldrel-windows-x86_64