CRAN Package Check Results for Package acid

Last updated on 2024-06-14 05:58:14 CEST.

Flavor Version Tinstall Tcheck Ttotal Status Flags
r-devel-linux-x86_64-debian-clang 1.1 11.75 124.19 135.94 OK
r-devel-linux-x86_64-debian-gcc 1.1 0.40 1.57 1.97 ERROR
r-devel-linux-x86_64-fedora-clang 1.1 178.18 OK
r-devel-linux-x86_64-fedora-gcc 1.1 164.08 OK
r-devel-windows-x86_64 1.1 12.00 117.00 129.00 OK
r-patched-linux-x86_64 1.1 10.27 119.78 130.05 OK
r-release-linux-x86_64 1.1 9.08 120.29 129.37 OK
r-release-macos-arm64 1.1 49.00 OK
r-release-macos-x86_64 1.1 75.00 OK
r-release-windows-x86_64 1.1 13.00 116.00 129.00 OK
r-oldrel-macos-arm64 1.1 55.00 OK
r-oldrel-macos-x86_64 1.1 85.00 OK
r-oldrel-windows-x86_64 1.1 17.00 141.00 158.00 OK

Check Details

Version: 1.1
Check: package dependencies
Result: ERROR Package required but not available: ‘Hmisc’ See section ‘The DESCRIPTION file’ in the ‘Writing R Extensions’ manual. Flavor: r-devel-linux-x86_64-debian-gcc