CRAN Package Check Results for Package abess

Last updated on 2024-06-13 17:49:01 CEST.

Flavor Version Tinstall Tcheck Ttotal Status Flags
r-devel-linux-x86_64-debian-clang 0.4.8 263.54 106.42 369.96 NOTE
r-devel-linux-x86_64-debian-gcc 0.4.8 231.59 92.67 324.26 NOTE
r-devel-linux-x86_64-fedora-clang 0.4.8 467.66 NOTE
r-devel-linux-x86_64-fedora-gcc 0.4.8 625.11 NOTE
r-devel-windows-x86_64 0.4.8 193.00 125.00 318.00 NOTE
r-patched-linux-x86_64 0.4.8 284.42 117.98 402.40 NOTE
r-release-linux-x86_64 0.4.8 284.36 118.25 402.61 NOTE
r-release-macos-arm64 0.4.8 130.00 NOTE
r-release-macos-x86_64 0.4.8 203.00 WARN
r-release-windows-x86_64 0.4.8 184.00 134.00 318.00 NOTE
r-oldrel-macos-arm64 0.4.8 124.00 NOTE
r-oldrel-macos-x86_64 0.4.8 373.00 NOTE
r-oldrel-windows-x86_64 0.4.8 261.00 157.00 418.00 OK

Check Details

Version: 0.4.8
Check: Rd files
Result: NOTE checkRd: (-1) abess.Rd:260: Lost braces in \itemize; meant \describe ? checkRd: (-1) abess.Rd:261: Lost braces in \itemize; meant \describe ? checkRd: (-1) abess.Rd:262: Lost braces in \itemize; meant \describe ? checkRd: (-1) abess.Rd:263: Lost braces in \itemize; meant \describe ? checkRd: (-1) coef.abesspca.Rd:16: Lost braces; missing escapes or markup? 16 | This parameter is omitted if {sparse.type = "kpc"}.} | ^ checkRd: (-1) coef.abesspca.Rd:22: Lost braces; missing escapes or markup? 22 | This parameter is omitted if {sparse.type = "fpc"}.} | ^ checkRd: (-1) generate.data.Rd:51: Lost braces 51 | code{cortype = 3} denotes the constant structure, | ^ Flavors: r-devel-linux-x86_64-debian-clang, r-devel-linux-x86_64-debian-gcc, r-devel-linux-x86_64-fedora-clang, r-devel-linux-x86_64-fedora-gcc, r-devel-windows-x86_64, r-patched-linux-x86_64, r-release-linux-x86_64, r-release-macos-arm64, r-release-macos-x86_64, r-release-windows-x86_64

Version: 0.4.8
Check: package dependencies
Result: NOTE Package suggested but not available for checking: ‘testthat’ Flavor: r-devel-linux-x86_64-debian-gcc

Version: 0.4.8
Check: installed package size
Result: NOTE installed size is 105.4Mb sub-directories of 1Mb or more: libs 104.4Mb Flavors: r-release-macos-arm64, r-release-macos-x86_64, r-oldrel-macos-arm64, r-oldrel-macos-x86_64

Version: 0.4.8
Check: package dependencies
Result: WARN Skipping vignette re-building Package suggested but not available for checking: ‘knitr’ VignetteBuilder package required for checking but not installed: ‘knitr’ Flavor: r-release-macos-x86_64