CRAN Package Check Results for Package YPBP

Last updated on 2024-07-15 06:49:43 CEST.

Flavor Version Tinstall Tcheck Ttotal Status Flags
r-devel-linux-x86_64-debian-clang 0.0.1 315.55 206.57 522.12 NOTE
r-devel-linux-x86_64-debian-gcc 0.0.1 276.09 173.04 449.13 NOTE
r-devel-linux-x86_64-fedora-clang 0.0.1 656.01 NOTE
r-devel-linux-x86_64-fedora-gcc 0.0.1 839.30 NOTE
r-devel-windows-x86_64 0.0.1 264.00 189.00 453.00 NOTE
r-patched-linux-x86_64 0.0.1 250.68 232.34 483.02 NOTE
r-release-linux-x86_64 0.0.1 245.74 230.63 476.37 NOTE
r-release-macos-arm64 0.0.1 161.00 NOTE
r-release-macos-x86_64 0.0.1 222.00 NOTE
r-release-windows-x86_64 0.0.1 240.00 188.00 428.00 NOTE
r-oldrel-macos-arm64 0.0.1 164.00 NOTE
r-oldrel-macos-x86_64 0.0.1 251.00 NOTE
r-oldrel-windows-x86_64 0.0.1 327.00 239.00 566.00 NOTE

Check Details

Version: 0.0.1
Check: for GNU extensions in Makefiles
Result: NOTE GNU make is a SystemRequirements. Flavors: r-devel-linux-x86_64-debian-clang, r-devel-linux-x86_64-debian-gcc, r-devel-linux-x86_64-fedora-clang, r-devel-linux-x86_64-fedora-gcc, r-devel-windows-x86_64, r-patched-linux-x86_64, r-release-linux-x86_64, r-release-macos-arm64, r-release-macos-x86_64, r-release-windows-x86_64, r-oldrel-macos-arm64, r-oldrel-macos-x86_64, r-oldrel-windows-x86_64

Version: 0.0.1
Check: dependencies in R code
Result: NOTE Namespace in Imports field not imported from: ‘rstantools’ All declared Imports should be used. Flavors: r-devel-linux-x86_64-fedora-clang, r-devel-linux-x86_64-fedora-gcc

Version: 0.0.1
Check: installed package size
Result: NOTE installed size is 56.0Mb sub-directories of 1Mb or more: libs 55.7Mb Flavors: r-release-macos-arm64, r-release-macos-x86_64, r-oldrel-macos-arm64, r-oldrel-macos-x86_64