Last updated on 2025-01-25 19:49:02 CET.
Flavor | Version | Tinstall | Tcheck | Ttotal | Status | Flags |
---|---|---|---|---|---|---|
r-devel-linux-x86_64-debian-clang | 1.0.1 | 373.26 | 145.85 | 519.11 | OK | |
r-devel-linux-x86_64-debian-gcc | 1.0.1 | 353.67 | 135.36 | 489.03 | OK | |
r-devel-linux-x86_64-fedora-clang | 1.0.1 | 822.44 | OK | |||
r-devel-linux-x86_64-fedora-gcc | 1.0.1 | 1045.25 | OK | |||
r-devel-windows-x86_64 | 1.0.1 | 343.00 | 187.00 | 530.00 | OK | |
r-patched-linux-x86_64 | 1.0.1 | 398.64 | 177.71 | 576.35 | NOTE | |
r-release-linux-x86_64 | 1.0.1 | 424.65 | 177.44 | 602.09 | NOTE | |
r-release-macos-arm64 | 1.0.1 | 209.00 | NOTE | |||
r-release-macos-x86_64 | 1.0.1 | 362.00 | NOTE | |||
r-release-windows-x86_64 | 1.0.1 | 332.00 | 189.00 | 521.00 | NOTE | |
r-oldrel-macos-arm64 | 1.0.1 | 367.00 | NOTE | |||
r-oldrel-macos-x86_64 | 1.0.1 | 293.00 | NOTE | |||
r-oldrel-windows-x86_64 | 1.0.1 | 455.00 | 233.00 | 688.00 | NOTE |
Version: 1.0.1
Check: for GNU extensions in Makefiles
Result: NOTE
GNU make is a SystemRequirements.
Flavors: r-patched-linux-x86_64, r-release-linux-x86_64, r-release-macos-arm64, r-release-macos-x86_64, r-release-windows-x86_64, r-oldrel-macos-arm64, r-oldrel-macos-x86_64, r-oldrel-windows-x86_64
Version: 1.0.1
Check: installed package size
Result: NOTE
installed size is 92.2Mb
sub-directories of 1Mb or more:
data 4.2Mb
libs 87.4Mb
Flavors: r-release-macos-arm64, r-release-macos-x86_64, r-release-windows-x86_64, r-oldrel-macos-arm64, r-oldrel-macos-x86_64, r-oldrel-windows-x86_64