CRAN Package Check Results for Package VisualizeSimon2Stage

Last updated on 2024-06-14 05:58:44 CEST.

Flavor Version Tinstall Tcheck Ttotal Status Flags
r-devel-linux-x86_64-debian-clang 0.1.5 6.57 55.32 61.89 OK
r-devel-linux-x86_64-debian-gcc 0.1.5 0.34 1.52 1.86 ERROR
r-devel-linux-x86_64-fedora-clang 0.1.5 80.99 OK
r-devel-linux-x86_64-fedora-gcc 0.1.5 74.27 OK
r-devel-windows-x86_64 0.1.5 8.00 62.00 70.00 OK
r-patched-linux-x86_64 0.1.5 8.21 53.03 61.24 OK
r-release-linux-x86_64 0.1.5 6.46 54.49 60.95 OK
r-release-macos-arm64 0.1.5 26.00 OK
r-release-macos-x86_64 0.1.5 40.00 OK
r-release-windows-x86_64 0.1.5 7.00 62.00 69.00 OK
r-oldrel-macos-arm64 0.1.4 40.00 OK
r-oldrel-macos-x86_64 0.1.4 60.00 OK
r-oldrel-windows-x86_64 0.1.4 9.00 67.00 76.00 OK

Check Details

Version: 0.1.5
Check: package dependencies
Result: ERROR Package required but not available: ‘ggplot2’ See section ‘The DESCRIPTION file’ in the ‘Writing R Extensions’ manual. Flavor: r-devel-linux-x86_64-debian-gcc