Last updated on 2025-01-24 20:49:25 CET.
Flavor | Version | Tinstall | Tcheck | Ttotal | Status | Flags |
---|---|---|---|---|---|---|
r-devel-linux-x86_64-debian-clang | 1.1.0 | 38.93 | 24.91 | 63.84 | OK | |
r-devel-linux-x86_64-debian-gcc | 1.1.0 | 29.25 | 22.48 | 51.73 | OK | |
r-devel-linux-x86_64-fedora-clang | 1.1.0 | 114.41 | OK | |||
r-devel-linux-x86_64-fedora-gcc | 1.1.0 | 128.73 | OK | |||
r-devel-windows-x86_64 | 1.1.0 | 40.00 | 66.00 | 106.00 | OK | |
r-patched-linux-x86_64 | 1.1.0 | 42.02 | 27.42 | 69.44 | OK | |
r-release-linux-x86_64 | 1.1.0 | 42.47 | 27.44 | 69.91 | OK | |
r-release-macos-arm64 | 1.1.0 | 37.00 | NOTE | |||
r-release-macos-x86_64 | 1.1.0 | 62.00 | NOTE | |||
r-release-windows-x86_64 | 1.1.0 | 39.00 | 71.00 | 110.00 | OK | |
r-oldrel-macos-arm64 | 1.1.0 | 38.00 | NOTE | |||
r-oldrel-macos-x86_64 | 1.1.0 | 52.00 | NOTE | |||
r-oldrel-windows-x86_64 | 1.1.0 | 47.00 | 76.00 | 123.00 | OK |
Version: 1.1.0
Check: installed package size
Result: NOTE
installed size is 15.1Mb
sub-directories of 1Mb or more:
libs 15.0Mb
Flavors: r-release-macos-arm64, r-release-macos-x86_64, r-oldrel-macos-arm64, r-oldrel-macos-x86_64