Last updated on 2025-01-20 19:49:29 CET.
Flavor | Version | Tinstall | Tcheck | Ttotal | Status | Flags |
---|---|---|---|---|---|---|
r-devel-linux-x86_64-debian-clang | 5.0.5 | 114.32 | 95.09 | 209.41 | OK | |
r-devel-linux-x86_64-debian-gcc | 5.0.5 | 95.73 | 64.50 | 160.23 | OK | |
r-devel-linux-x86_64-fedora-clang | 5.0.5 | 341.32 | OK | |||
r-devel-linux-x86_64-fedora-gcc | 5.0.5 | 461.40 | OK | |||
r-devel-windows-x86_64 | 5.0.5 | 118.00 | 144.00 | 262.00 | OK | |
r-patched-linux-x86_64 | 5.0.5 | 139.01 | 87.45 | 226.46 | OK | |
r-release-linux-x86_64 | 5.0.5 | 132.09 | 88.51 | 220.60 | OK | |
r-release-macos-arm64 | 5.0.5 | 96.00 | NOTE | |||
r-release-macos-x86_64 | 5.0.5 | 172.00 | NOTE | |||
r-release-windows-x86_64 | 5.0.5 | 113.00 | 146.00 | 259.00 | OK | |
r-oldrel-macos-arm64 | 5.0.5 | 89.00 | NOTE | |||
r-oldrel-macos-x86_64 | 5.0.5 | 185.00 | NOTE | |||
r-oldrel-windows-x86_64 | 5.0.5 | 139.00 | 183.00 | 322.00 | OK |
Version: 5.0.5
Check: installed package size
Result: NOTE
installed size is 22.3Mb
sub-directories of 1Mb or more:
libs 21.8Mb
Flavors: r-release-macos-arm64, r-release-macos-x86_64, r-oldrel-macos-arm64, r-oldrel-macos-x86_64