Last updated on 2025-01-24 07:49:33 CET.
Flavor | Version | Tinstall | Tcheck | Ttotal | Status | Flags |
---|---|---|---|---|---|---|
r-devel-linux-x86_64-debian-clang | 1.0.2 | 7.97 | 96.36 | 104.33 | NOTE | |
r-devel-linux-x86_64-debian-gcc | 1.0.2 | 5.62 | 78.61 | 84.23 | NOTE | |
r-devel-linux-x86_64-fedora-clang | 1.0.2 | 157.49 | OK | |||
r-devel-linux-x86_64-fedora-gcc | 1.0.2 | 161.13 | OK | |||
r-devel-windows-x86_64 | 1.0.2 | 9.00 | 108.00 | 117.00 | NOTE | |
r-patched-linux-x86_64 | 1.0.2 | 12.44 | 91.33 | 103.77 | OK | |
r-release-linux-x86_64 | 1.0.2 | 7.97 | 90.52 | 98.49 | OK | |
r-release-macos-arm64 | 1.0.2 | 58.00 | OK | |||
r-release-macos-x86_64 | 1.0.2 | 80.00 | OK | |||
r-release-windows-x86_64 | 1.0.2 | 9.00 | 106.00 | 115.00 | OK | |
r-oldrel-macos-arm64 | 1.0.2 | 58.00 | OK | |||
r-oldrel-macos-x86_64 | 1.0.2 | 92.00 | OK | |||
r-oldrel-windows-x86_64 | 1.0.2 | 12.00 | 129.00 | 141.00 | OK |
Version: 1.0.2
Check: Rd cross-references
Result: NOTE
Found the following Rd file(s) with Rd \link{} targets missing package
anchors:
Tlasso.fit.Rd: huge
Please provide package anchors for all Rd \link{} targets not in the
package itself and the base packages.
Flavors: r-devel-linux-x86_64-debian-clang, r-devel-linux-x86_64-debian-gcc, r-devel-windows-x86_64