CRAN Package Check Results for Package ThresholdROCsurvival

Last updated on 2024-06-13 17:49:30 CEST.

Flavor Version Tinstall Tcheck Ttotal Status Flags
r-devel-linux-x86_64-debian-clang 1.2.1 10.75 98.02 108.77 OK
r-devel-linux-x86_64-debian-gcc 1.2.1 0.27 1.62 1.89 ERROR
r-devel-linux-x86_64-fedora-clang 1.2.1 139.64 OK
r-devel-linux-x86_64-fedora-gcc 1.2.1 127.93 OK
r-devel-windows-x86_64 1.2.1 11.00 86.00 97.00 OK
r-patched-linux-x86_64 1.2.1 11.49 94.30 105.79 OK
r-release-linux-x86_64 1.2.1 11.55 92.32 103.87 OK
r-release-macos-arm64 1.2.1 39.00 OK
r-release-macos-x86_64 1.2.1 65.00 OK
r-release-windows-x86_64 1.2.1 11.00 88.00 99.00 OK
r-oldrel-macos-arm64 1.2.1 48.00 OK
r-oldrel-macos-x86_64 1.2.1 112.00 OK
r-oldrel-windows-x86_64 1.2.1 13.00 109.00 122.00 OK

Check Details

Version: 1.2.1
Check: package dependencies
Result: ERROR Package required but not available: ‘InformativeCensoring’ See section ‘The DESCRIPTION file’ in the ‘Writing R Extensions’ manual. Flavor: r-devel-linux-x86_64-debian-gcc