CRAN Package Check Results for Package TeachHist

Last updated on 2024-06-13 05:59:24 CEST.

Flavor Version Tinstall Tcheck Ttotal Status Flags
r-devel-linux-x86_64-debian-clang 0.2.1 5.90 56.73 62.63 OK
r-devel-linux-x86_64-debian-gcc 0.2.1 0.32 1.69 2.01 ERROR
r-devel-linux-x86_64-fedora-clang 0.2.1 77.75 OK
r-devel-linux-x86_64-fedora-gcc 0.2.1 70.71 OK
r-devel-windows-x86_64 0.2.1 6.00 59.00 65.00 OK
r-patched-linux-x86_64 0.2.1 5.35 54.07 59.42 OK
r-release-linux-x86_64 0.2.1 4.64 54.95 59.59 OK
r-release-macos-arm64 0.2.1 26.00 OK
r-release-macos-x86_64 0.2.1 36.00 OK
r-release-windows-x86_64 0.2.1 7.00 63.00 70.00 OK
r-oldrel-macos-arm64 0.2.1 36.00 OK
r-oldrel-macos-x86_64 0.2.1 48.00 OK
r-oldrel-windows-x86_64 0.2.1 8.00 157.00 165.00 OK

Check Details

Version: 0.2.1
Check: package dependencies
Result: ERROR Packages required but not available: 'ggplot2', 'dplyr' See section ‘The DESCRIPTION file’ in the ‘Writing R Extensions’ manual. Flavor: r-devel-linux-x86_64-debian-gcc