CRAN Package Check Results for Package TSdisaggregation

Last updated on 2025-01-24 07:49:33 CET.

Flavor Version Tinstall Tcheck Ttotal Status Flags
r-devel-linux-x86_64-debian-clang 2.0.0 6.91 56.06 62.97 NOTE
r-devel-linux-x86_64-debian-gcc 2.0.0 4.45 43.01 47.46 NOTE
r-devel-linux-x86_64-fedora-clang 2.0.0 99.98 NOTE
r-devel-linux-x86_64-fedora-gcc 2.0.0 92.67 NOTE
r-devel-windows-x86_64 2.0.0 7.00 69.00 76.00 NOTE
r-patched-linux-x86_64 2.0.0 5.95 51.28 57.23 NOTE
r-release-linux-x86_64 2.0.0 6.09 51.45 57.54 NOTE
r-release-macos-arm64 2.0.0 29.00 NOTE
r-release-macos-x86_64 2.0.0 43.00 NOTE
r-release-windows-x86_64 2.0.0 7.00 70.00 77.00 NOTE
r-oldrel-macos-arm64 2.0.0 30.00 NOTE
r-oldrel-macos-x86_64 2.0.0 53.00 NOTE
r-oldrel-windows-x86_64 2.0.0 9.00 83.00 92.00 NOTE

Check Details

Version: 2.0.0
Check: Rd files
Result: NOTE checkRd: (-1) TempDisaggDGP.Rd:79: Escaped LaTeX specials: \& checkRd: (-1) disaggregate.Rd:56: Escaped LaTeX specials: \& Flavors: r-devel-linux-x86_64-debian-clang, r-devel-linux-x86_64-debian-gcc, r-devel-linux-x86_64-fedora-clang, r-devel-linux-x86_64-fedora-gcc, r-devel-windows-x86_64, r-patched-linux-x86_64, r-release-linux-x86_64, r-release-macos-arm64, r-release-macos-x86_64, r-release-windows-x86_64, r-oldrel-macos-arm64, r-oldrel-macos-x86_64, r-oldrel-windows-x86_64