CRAN Package Check Results for Package TAM

Last updated on 2024-07-19 06:50:29 CEST.

Flavor Version Tinstall Tcheck Ttotal Status Flags
r-devel-linux-x86_64-debian-clang 4.2-21 268.38 224.29 492.67 OK
r-devel-linux-x86_64-debian-gcc 4.2-21 128.76 156.87 285.63 OK
r-devel-linux-x86_64-fedora-clang 4.2-21 681.19 NOTE
r-devel-linux-x86_64-fedora-gcc 4.2-21 635.00 OK
r-devel-windows-x86_64 4.2-21 156.00 393.00 549.00 NOTE
r-patched-linux-x86_64 4.2-21 189.85 214.83 404.68 OK
r-release-linux-x86_64 4.2-21 204.36 214.42 418.78 OK
r-release-macos-arm64 4.2-21 113.00 NOTE
r-release-macos-x86_64 4.2-21 171.00 NOTE
r-release-windows-x86_64 4.2-21 196.00 269.00 465.00 OK
r-oldrel-macos-arm64 4.2-21 118.00 NOTE
r-oldrel-macos-x86_64 4.2-21 247.00 NOTE
r-oldrel-windows-x86_64 4.2-21 244.00 236.00 480.00 OK

Check Details

Version: 4.2-21
Check: Rd cross-references
Result: NOTE Undeclared package ‘mirt’ in Rd xrefs Flavor: r-devel-linux-x86_64-fedora-clang

Version: 4.2-21
Check: Rd cross-references
Result: NOTE Found the following Rd file(s) with Rd \link{} targets missing package anchors: IRT.threshold.Rd: IRT.irfprob Please provide package anchors for all Rd \link{} targets not in the package itself and the base packages. Flavor: r-devel-windows-x86_64

Version: 4.2-21
Check: installed package size
Result: NOTE installed size is 7.4Mb sub-directories of 1Mb or more: R 2.0Mb libs 4.5Mb Flavors: r-release-macos-arm64, r-release-macos-x86_64, r-oldrel-macos-arm64, r-oldrel-macos-x86_64