CRAN Package Check Results for Package Synth

Last updated on 2024-07-13 18:55:47 CEST.

Flavor Version Tinstall Tcheck Ttotal Status Flags
r-devel-linux-x86_64-debian-clang 1.1-8 4.73 53.62 58.35 OK
r-devel-linux-x86_64-debian-gcc 1.1-8 4.89 39.80 44.69 OK
r-devel-linux-x86_64-fedora-clang 1.1-8 71.54 OK
r-devel-linux-x86_64-fedora-gcc 1.1-8 68.50 OK
r-devel-windows-x86_64 1.1-8 5.00 59.00 64.00 NOTE
r-patched-linux-x86_64 1.1-8 7.24 51.46 58.70 OK
r-release-linux-x86_64 1.1-8 5.91 50.34 56.25 OK
r-release-macos-arm64 1.1-8 26.00 OK
r-release-macos-x86_64 1.1-8 35.00 OK
r-release-windows-x86_64 1.1-8 6.00 59.00 65.00 OK
r-oldrel-macos-arm64 1.1-8 25.00 OK
r-oldrel-macos-x86_64 1.1-8 48.00 OK
r-oldrel-windows-x86_64 1.1-8 6.00 66.00 72.00 OK

Check Details

Version: 1.1-8
Check: Rd cross-references
Result: NOTE Found the following Rd file(s) with Rd \link{} targets missing package anchors: fn.V.Rd: ipop synth.Rd: ipop, optimx Please provide package anchors for all Rd \link{} targets not in the package itself and the base packages. Flavor: r-devel-windows-x86_64