CRAN Package Check Results for Package StrathE2E2

Last updated on 2024-07-18 18:48:23 CEST.

Flavor Version Tinstall Tcheck Ttotal Status Flags
r-devel-linux-x86_64-debian-clang 3.3.0 56.60 310.52 367.12 NOTE
r-devel-linux-x86_64-debian-gcc 3.3.0 42.41 214.16 256.57 NOTE
r-devel-linux-x86_64-fedora-clang 3.3.0 444.75 NOTE
r-devel-linux-x86_64-fedora-gcc 3.3.0 440.46 NOTE
r-devel-windows-x86_64 3.3.0 48.00 336.00 384.00 NOTE
r-patched-linux-x86_64 3.3.0 51.28 295.92 347.20 NOTE
r-release-linux-x86_64 3.3.0 47.56 296.54 344.10 NOTE
r-release-macos-arm64 3.3.0 94.00 NOTE
r-release-macos-x86_64 3.3.0 190.00 NOTE
r-release-windows-x86_64 3.3.0 47.00 335.00 382.00 NOTE
r-oldrel-macos-arm64 3.3.0 112.00 NOTE
r-oldrel-macos-x86_64 3.3.0 215.00 NOTE
r-oldrel-windows-x86_64 3.3.0 46.00 341.00 387.00 NOTE

Check Details

Version: 3.3.0
Check: package dependencies
Result: NOTE Package suggested but not available for checking: ‘StrathE2E2examples’ Flavors: r-devel-linux-x86_64-debian-clang, r-devel-linux-x86_64-debian-gcc, r-devel-linux-x86_64-fedora-clang, r-devel-linux-x86_64-fedora-gcc, r-devel-windows-x86_64, r-patched-linux-x86_64, r-release-linux-x86_64, r-release-macos-arm64, r-release-macos-x86_64, r-release-windows-x86_64, r-oldrel-macos-arm64, r-oldrel-macos-x86_64, r-oldrel-windows-x86_64

Version: 3.3.0
Check: Rd files
Result: NOTE checkRd: (-1) StrathE2E2-package.Rd:70: Lost braces; missing escapes or markup? 70 | {Basic model operations:} \cr | ^ checkRd: (-1) StrathE2E2-package.Rd:79: Lost braces; missing escapes or markup? 79 | {Parameter estimation:} \cr | ^ checkRd: (-1) StrathE2E2-package.Rd:88: Lost braces; missing escapes or markup? 88 | {Sensitivity and Monte Carlo analyses:} \cr | ^ checkRd: (-1) StrathE2E2-package.Rd:98: Lost braces; missing escapes or markup? 98 | {Compare model runs:} \cr | ^ checkRd: (-1) StrathE2E2-package.Rd:105: Lost braces; missing escapes or markup? 105 | {Fishery yield analysis:} \cr | ^ checkRd: (-1) StrathE2E2-package.Rd:111: Lost braces; missing escapes or markup? 111 | {Visualize model inputs:} \cr | ^ checkRd: (-1) StrathE2E2-package.Rd:117: Lost braces; missing escapes or markup? 117 | {Visualize model outputs:} \cr | ^ Flavors: r-devel-linux-x86_64-debian-clang, r-devel-linux-x86_64-debian-gcc, r-devel-linux-x86_64-fedora-clang, r-devel-linux-x86_64-fedora-gcc, r-devel-windows-x86_64, r-patched-linux-x86_64, r-release-linux-x86_64, r-release-macos-arm64, r-release-macos-x86_64, r-release-windows-x86_64

Version: 3.3.0
Check: LazyData
Result: NOTE 'LazyData' is specified without a 'data' directory Flavors: r-devel-linux-x86_64-debian-clang, r-devel-linux-x86_64-debian-gcc, r-devel-linux-x86_64-fedora-clang, r-devel-linux-x86_64-fedora-gcc, r-devel-windows-x86_64, r-patched-linux-x86_64, r-release-linux-x86_64, r-release-macos-arm64, r-release-macos-x86_64, r-release-windows-x86_64, r-oldrel-macos-arm64, r-oldrel-macos-x86_64, r-oldrel-windows-x86_64