Last updated on 2025-01-25 19:48:59 CET.
Flavor | Version | Tinstall | Tcheck | Ttotal | Status | Flags |
---|---|---|---|---|---|---|
r-devel-linux-x86_64-debian-clang | 1.0.3 | 45.66 | 193.53 | 239.19 | OK | |
r-devel-linux-x86_64-debian-gcc | 1.0.3 | 33.63 | 129.09 | 162.72 | OK | |
r-devel-linux-x86_64-fedora-clang | 1.0.3 | 399.32 | OK | |||
r-devel-linux-x86_64-fedora-gcc | 1.0.3 | 376.81 | OK | |||
r-devel-windows-x86_64 | 1.0.3 | 45.00 | 191.00 | 236.00 | OK | |
r-patched-linux-x86_64 | 1.0.3 | 43.98 | 178.39 | 222.37 | OK | |
r-release-linux-x86_64 | 1.0.3 | 40.95 | 179.54 | 220.49 | OK | |
r-release-macos-arm64 | 1.0.2 | 92.00 | NOTE | |||
r-release-macos-x86_64 | 1.0.3 | 198.00 | NOTE | |||
r-release-windows-x86_64 | 1.0.3 | 42.00 | 315.00 | 357.00 | NOTE | |
r-oldrel-macos-arm64 | 1.0.2 | 93.00 | NOTE | |||
r-oldrel-macos-x86_64 | 1.0.2 | 146.00 | NOTE | |||
r-oldrel-windows-x86_64 | 1.0.3 | 39.00 | 253.00 | 292.00 | NOTE |
Version: 1.0.2
Check: installed package size
Result: NOTE
installed size is 8.2Mb
sub-directories of 1Mb or more:
extdata 5.9Mb
libs 2.0Mb
Flavors: r-release-macos-arm64, r-oldrel-macos-arm64, r-oldrel-macos-x86_64
Version: 1.0.3
Check: installed package size
Result: NOTE
installed size is 8.4Mb
sub-directories of 1Mb or more:
extdata 5.9Mb
libs 2.0Mb
Flavors: r-release-macos-x86_64, r-release-windows-x86_64, r-oldrel-windows-x86_64