CRAN Package Check Results for Package SmartMeterAnalytics

Last updated on 2024-07-23 07:07:28 CEST.

Flavor Version Tinstall Tcheck Ttotal Status Flags
r-devel-linux-x86_64-debian-clang 1.0.3 5.95 45.38 51.33 NOTE
r-devel-linux-x86_64-debian-gcc 1.0.3 4.34 33.13 37.47 NOTE
r-devel-linux-x86_64-fedora-clang 1.0.3 64.35 NOTE
r-devel-linux-x86_64-fedora-gcc 1.0.3 58.04 NOTE
r-devel-windows-x86_64 1.0.3 7.00 53.00 60.00 NOTE
r-patched-linux-x86_64 1.0.3 7.13 42.45 49.58 NOTE
r-release-linux-x86_64 1.0.3 5.85 41.80 47.65 NOTE
r-release-macos-arm64 1.0.3 21.00 NOTE
r-release-macos-x86_64 1.0.3 39.00 NOTE
r-release-windows-x86_64 1.0.3 6.00 52.00 58.00 NOTE
r-oldrel-macos-arm64 1.0.3 24.00 NOTE
r-oldrel-macos-x86_64 1.0.3 34.00 NOTE
r-oldrel-windows-x86_64 1.0.3 8.00 60.00 68.00 NOTE

Check Details

Version: 1.0.3
Check: LazyData
Result: NOTE 'LazyData' is specified without a 'data' directory Flavors: r-devel-linux-x86_64-debian-clang, r-devel-linux-x86_64-debian-gcc, r-devel-linux-x86_64-fedora-clang, r-devel-linux-x86_64-fedora-gcc, r-devel-windows-x86_64, r-patched-linux-x86_64, r-release-linux-x86_64, r-release-macos-arm64, r-release-macos-x86_64, r-release-windows-x86_64, r-oldrel-macos-arm64, r-oldrel-macos-x86_64, r-oldrel-windows-x86_64

Version: 1.0.3
Check: Rd cross-references
Result: NOTE Found the following Rd file(s) with Rd \link{} targets missing package anchors: remove_empty_features.Rd: futile.logger Please provide package anchors for all Rd \link{} targets not in the package itself and the base packages. Flavors: r-devel-linux-x86_64-debian-gcc, r-devel-windows-x86_64