CRAN Package Check Results for Package SimSurvNMarker

Last updated on 2024-07-21 18:54:23 CEST.

Flavor Version Tinstall Tcheck Ttotal Status Flags
r-devel-linux-x86_64-debian-clang 0.1.3 48.07 41.65 89.72 NOTE
r-devel-linux-x86_64-debian-gcc 0.1.3 32.83 31.88 64.71 NOTE
r-devel-linux-x86_64-fedora-clang 0.1.3 173.51 NOTE
r-devel-linux-x86_64-fedora-gcc 0.1.3 179.85 NOTE
r-devel-windows-x86_64 0.1.3 42.00 82.00 124.00 NOTE
r-patched-linux-x86_64 0.1.3 53.45 39.45 92.90 NOTE
r-release-linux-x86_64 0.1.3 48.63 40.70 89.33 NOTE
r-release-macos-arm64 0.1.3 42.00 NOTE
r-release-macos-x86_64 0.1.3 58.00 NOTE
r-release-windows-x86_64 0.1.3 55.00 81.00 136.00 NOTE
r-oldrel-macos-arm64 0.1.3 53.00 NOTE
r-oldrel-macos-x86_64 0.1.3 78.00 NOTE
r-oldrel-windows-x86_64 0.1.3 67.00 91.00 158.00 NOTE

Check Details

Version: 0.1.3
Check: C++ specification
Result: NOTE Specified C++14: please drop specification unless essential Flavors: r-devel-linux-x86_64-debian-clang, r-devel-linux-x86_64-debian-gcc, r-devel-linux-x86_64-fedora-clang, r-devel-linux-x86_64-fedora-gcc, r-devel-windows-x86_64, r-patched-linux-x86_64, r-release-linux-x86_64, r-release-macos-arm64, r-release-macos-x86_64, r-release-windows-x86_64, r-oldrel-macos-arm64, r-oldrel-macos-x86_64, r-oldrel-windows-x86_64