CRAN Package Check Results for Package SimBIID

Last updated on 2024-07-23 07:07:28 CEST.

Flavor Version Tinstall Tcheck Ttotal Status Flags
r-devel-linux-x86_64-debian-clang 0.2.1 85.83 117.41 203.24 NOTE
r-devel-linux-x86_64-debian-gcc 0.2.1 57.16 84.82 141.98 NOTE
r-devel-linux-x86_64-fedora-clang 0.2.1 337.00 NOTE
r-devel-linux-x86_64-fedora-gcc 0.2.1 274.02 NOTE
r-devel-windows-x86_64 0.2.1 84.00 120.00 204.00 NOTE
r-patched-linux-x86_64 0.2.1 93.74 113.67 207.41 NOTE
r-release-linux-x86_64 0.2.1 52.18 109.42 161.60 NOTE
r-release-macos-arm64 0.2.1 68.00 NOTE
r-release-macos-x86_64 0.2.1 88.00 NOTE
r-release-windows-x86_64 0.2.1 100.00 129.00 229.00 NOTE
r-oldrel-macos-arm64 0.2.1 79.00 NOTE
r-oldrel-macos-x86_64 0.2.1 128.00 NOTE
r-oldrel-windows-x86_64 0.2.1 100.00 150.00 250.00 NOTE

Check Details

Version: 0.2.1
Check: C++ specification
Result: NOTE Specified C++11: please drop specification unless essential Flavors: r-devel-linux-x86_64-debian-clang, r-devel-linux-x86_64-debian-gcc, r-devel-linux-x86_64-fedora-clang, r-devel-linux-x86_64-fedora-gcc, r-devel-windows-x86_64, r-patched-linux-x86_64, r-release-linux-x86_64, r-release-macos-arm64, r-release-macos-x86_64, r-release-windows-x86_64, r-oldrel-macos-arm64, r-oldrel-macos-x86_64, r-oldrel-windows-x86_64

Version: 0.2.1
Check: Rd files
Result: NOTE checkRd: (-1) ABCSMC.Rd:81-84: Lost braces in \itemize; \value handles \item{}{} directly checkRd: (-1) ABCSMC.Rd:85-88: Lost braces in \itemize; \value handles \item{}{} directly checkRd: (-1) ABCSMC.Rd:89-92: Lost braces in \itemize; \value handles \item{}{} directly checkRd: (-1) ABCSMC.Rd:93-95: Lost braces in \itemize; \value handles \item{}{} directly checkRd: (-1) ABCSMC.Rd:96-97: Lost braces in \itemize; \value handles \item{}{} directly checkRd: (-1) ABCSMC.Rd:98: Lost braces in \itemize; \value handles \item{}{} directly checkRd: (-1) ABCSMC.Rd:99: Lost braces in \itemize; \value handles \item{}{} directly checkRd: (-1) ABCSMC.Rd:100: Lost braces in \itemize; \value handles \item{}{} directly checkRd: (-1) ABCSMC.Rd:101: Lost braces in \itemize; \value handles \item{}{} directly checkRd: (-1) ABCSMC.Rd:102: Lost braces in \itemize; \value handles \item{}{} directly checkRd: (-1) ABCSMC.Rd:103: Lost braces in \itemize; \value handles \item{}{} directly checkRd: (-1) ABCSMC.Rd:104: Lost braces in \itemize; \value handles \item{}{} directly checkRd: (-1) ABCSMC.Rd:105: Lost braces in \itemize; \value handles \item{}{} directly checkRd: (-1) PMCMC.Rd:68: Lost braces in \itemize; meant \describe ? checkRd: (-1) PMCMC.Rd:69: Lost braces in \itemize; meant \describe ? checkRd: (-1) PMCMC.Rd:70: Lost braces in \itemize; meant \describe ? checkRd: (-1) PMCMC.Rd:71: Lost braces in \itemize; meant \describe ? checkRd: (-1) PMCMC.Rd:72: Lost braces in \itemize; meant \describe ? checkRd: (-1) PMCMC.Rd:92-94: Lost braces in \itemize; \value handles \item{}{} directly checkRd: (-1) PMCMC.Rd:95: Lost braces in \itemize; \value handles \item{}{} directly checkRd: (-1) PMCMC.Rd:100: Lost braces in \itemize; \value handles \item{}{} directly checkRd: (-1) PMCMC.Rd:101: Lost braces in \itemize; \value handles \item{}{} directly checkRd: (-1) PMCMC.Rd:102: Lost braces in \itemize; \value handles \item{}{} directly checkRd: (-1) PMCMC.Rd:103: Lost braces in \itemize; \value handles \item{}{} directly checkRd: (-1) PMCMC.Rd:104: Lost braces in \itemize; \value handles \item{}{} directly checkRd: (-1) PMCMC.Rd:105: Lost braces in \itemize; \value handles \item{}{} directly checkRd: (-1) PMCMC.Rd:106: Lost braces in \itemize; \value handles \item{}{} directly checkRd: (-1) PMCMC.Rd:107: Lost braces in \itemize; \value handles \item{}{} directly checkRd: (-1) PMCMC.Rd:108: Lost braces in \itemize; \value handles \item{}{} directly checkRd: (-1) mparseRcpp.Rd:70: Lost braces in \itemize; \value handles \item{}{} directly checkRd: (-1) mparseRcpp.Rd:71: Lost braces in \itemize; \value handles \item{}{} directly checkRd: (-1) mparseRcpp.Rd:72: Lost braces in \itemize; \value handles \item{}{} directly checkRd: (-1) mparseRcpp.Rd:73: Lost braces in \itemize; \value handles \item{}{} directly checkRd: (-1) mparseRcpp.Rd:74: Lost braces in \itemize; \value handles \item{}{} directly checkRd: (-1) mparseRcpp.Rd:75: Lost braces in \itemize; \value handles \item{}{} directly checkRd: (-1) mparseRcpp.Rd:76: Lost braces in \itemize; \value handles \item{}{} directly checkRd: (-1) mparseRcpp.Rd:77: Lost braces in \itemize; \value handles \item{}{} directly checkRd: (-1) mparseRcpp.Rd:78: Lost braces in \itemize; \value handles \item{}{} directly checkRd: (-1) mparseRcpp.Rd:79: Lost braces in \itemize; \value handles \item{}{} directly checkRd: (-1) mparseRcpp.Rd:80: Lost braces in \itemize; \value handles \item{}{} directly checkRd: (-1) mparseRcpp.Rd:81: Lost braces in \itemize; \value handles \item{}{} directly checkRd: (-1) run.Rd:43-45: Lost braces in \itemize; \value handles \item{}{} directly checkRd: (-1) run.Rd:46-49: Lost braces in \itemize; \value handles \item{}{} directly checkRd: (-1) run.Rd:50-51: Lost braces in \itemize; \value handles \item{}{} directly Flavors: r-devel-linux-x86_64-debian-clang, r-devel-linux-x86_64-debian-gcc, r-devel-linux-x86_64-fedora-clang, r-devel-linux-x86_64-fedora-gcc, r-devel-windows-x86_64, r-patched-linux-x86_64, r-release-linux-x86_64, r-release-macos-arm64, r-release-macos-x86_64, r-release-windows-x86_64

Version: 0.2.1
Check: Rd cross-references
Result: NOTE Found the following Rd file(s) with Rd \link{} targets missing package anchors: window.PMCMC.Rd: window.mcmc Please provide package anchors for all Rd \link{} targets not in the package itself and the base packages. Flavors: r-devel-linux-x86_64-debian-gcc, r-devel-windows-x86_64