CRAN Package Check Results for Package SeqDetect

Last updated on 2024-07-13 18:55:45 CEST.

Flavor Version Tinstall Tcheck Ttotal Status Flags
r-devel-linux-x86_64-debian-clang 1.0.7 80.20 85.87 166.07 NOTE
r-devel-linux-x86_64-debian-gcc 1.0.7 54.15 63.41 117.56 NOTE
r-devel-linux-x86_64-fedora-clang 1.0.7 227.11 NOTE
r-devel-linux-x86_64-fedora-gcc 1.0.7 253.75 NOTE
r-devel-windows-x86_64 1.0.7 61.00 121.00 182.00 NOTE
r-patched-linux-x86_64 1.0.7 68.31 83.14 151.45 NOTE
r-release-linux-x86_64 1.0.7 71.38 78.77 150.15 NOTE
r-release-macos-arm64 1.0.7 59.00 NOTE
r-release-macos-x86_64 1.0.7 89.00 NOTE
r-release-windows-x86_64 1.0.7 59.00 124.00 183.00 NOTE
r-oldrel-macos-arm64 1.0.7 73.00 NOTE
r-oldrel-macos-x86_64 1.0.7 107.00 NOTE
r-oldrel-windows-x86_64 1.0.7 73.00 134.00 207.00 NOTE

Check Details

Version: 1.0.7
Check: C++ specification
Result: NOTE Specified C++14: please drop specification unless essential Flavors: r-devel-linux-x86_64-debian-clang, r-devel-linux-x86_64-debian-gcc, r-devel-linux-x86_64-fedora-clang, r-devel-linux-x86_64-fedora-gcc, r-devel-windows-x86_64, r-patched-linux-x86_64, r-release-linux-x86_64, r-release-macos-arm64, r-release-macos-x86_64, r-release-windows-x86_64, r-oldrel-macos-arm64, r-oldrel-macos-x86_64, r-oldrel-windows-x86_64

Version: 1.0.7
Check: Rd files
Result: NOTE checkRd: (-1) process,HybridSequenceClassifier-method.Rd:24: Lost braces in \itemize; \value handles \item{}{} directly checkRd: (-1) process,HybridSequenceClassifier-method.Rd:28: Lost braces in \itemize; \value handles \item{}{} directly checkRd: (-1) process,HybridSequenceClassifier-method.Rd:32: Lost braces in \itemize; \value handles \item{}{} directly Flavors: r-devel-linux-x86_64-debian-clang, r-devel-linux-x86_64-debian-gcc, r-devel-linux-x86_64-fedora-clang, r-devel-linux-x86_64-fedora-gcc, r-devel-windows-x86_64, r-patched-linux-x86_64, r-release-linux-x86_64, r-release-macos-arm64, r-release-macos-x86_64, r-release-windows-x86_64

Version: 1.0.7
Check: installed package size
Result: NOTE installed size is 9.3Mb sub-directories of 1Mb or more: libs 8.0Mb Flavors: r-release-macos-arm64, r-release-macos-x86_64, r-oldrel-macos-arm64, r-oldrel-macos-x86_64

Version: 1.0.7
Check: re-building of vignette outputs
Result: NOTE Error(s) in re-building vignettes: --- re-building ‘SequentialDetector.Rnw’ using Sweave Loading required package: Rcpp Loading required package: eventdataR Attaching package: ‘dplyr’ The following objects are masked from ‘package:stats’: filter, lag The following objects are masked from ‘package:base’: intersect, setdiff, setequal, union Generate auto identifiers... Generate auto identifiers... Generate auto identifiers... Generate auto identifiers... Generate auto identifiers... Generate auto identifiers... Generate auto identifiers... Generate auto identifiers... Generate auto identifiers... Generate auto identifiers... Generate auto identifiers... Generate auto identifiers... Generate auto identifiers... Generate auto identifiers... Warning in as.character.POSIXt(res_test3$stream[i, "timestamp"], format = "%d.%m.%Y. %H:%M:%S") : as.character(td, ..) no longer obeys a 'format' argument; use format(td, ..) ? Warning in as.character.POSIXt(res_test3$stream[i, "timestamp"], format = "%d.%m.%Y. %H:%M:%S") : as.character(td, ..) no longer obeys a 'format' argument; use format(td, ..) ? Warning in as.character.POSIXt(res_test3$stream[i, "timestamp"], format = "%d.%m.%Y. %H:%M:%S") : as.character(td, ..) no longer obeys a 'format' argument; use format(td, ..) ? Warning in as.character.POSIXt(res_test3$stream[i, "timestamp"], format = "%d.%m.%Y. %H:%M:%S") : as.character(td, ..) no longer obeys a 'format' argument; use format(td, ..) ? Warning in as.character.POSIXt(res_test3$stream[i, "timestamp"], format = "%d.%m.%Y. %H:%M:%S") : as.character(td, ..) no longer obeys a 'format' argument; use format(td, ..) ? Warning in as.character.POSIXt(res_test3$stream[i, "timestamp"], format = "%d.%m.%Y. %H:%M:%S") : as.character(td, ..) no longer obeys a 'format' argument; use format(td, ..) ? Warning in as.character.POSIXt(res_test3$stream[i, "timestamp"], format = "%d.%m.%Y. %H:%M:%S") : as.character(td, ..) no longer obeys a 'format' argument; use format(td, ..) ? Warning in as.character.POSIXt(res_test3$stream[i, "timestamp"], format = "%d.%m.%Y. %H:%M:%S") : as.character(td, ..) no longer obeys a 'format' argument; use format(td, ..) ? Generate auto identifiers... Generate auto identifiers... 813224d0064abbeaa023278080eda36f86416f9baadae1864cca709ec8da4ecf1d818d3ef22728b6 813224d0064abbeaa023278080eda36f86416f9baadae1864cca709ec8da4ecf1d818d3ef22728b6 Generate auto identifiers... 02916e08908efc4f7b4cb7d14ca8d7279cc5da64 02916e08908efc4f7b4cb7d14ca8d7279cc5da64 Generate auto identifiers... Generate auto identifiers... Generate auto identifiers... Generate auto identifiers... Error: processing vignette 'SequentialDetector.Rnw' failed with diagnostics: Running 'texi2dvi' on 'SequentialDetector.tex' failed. LaTeX errors: ! LaTeX Error: File `filecontents.sty' not found. Type X to quit or <RETURN> to proceed, or enter new name. (Default extension: sty) ! Emergency stop. <read *> l.10 \usepackage [a4paper,left=3cm,right=2cm,top=2.5cm,bottom=2.5cm]{geometry... ! ==> Fatal error occurred, no output PDF file produced! --- failed re-building ‘SequentialDetector.Rnw’ SUMMARY: processing the following file failed: ‘SequentialDetector.Rnw’ Error: Vignette re-building failed. Execution halted Flavor: r-oldrel-macos-x86_64