CRAN Package Check Results for Package STREAK

Last updated on 2024-06-13 05:59:23 CEST.

Flavor Version Tinstall Tcheck Ttotal Status Flags
r-devel-linux-x86_64-debian-clang 1.0.0 45.94 414.13 460.07 OK
r-devel-linux-x86_64-debian-gcc 1.0.0 0.55 1.75 2.30 ERROR
r-devel-linux-x86_64-fedora-clang 1.0.0 622.50 OK
r-devel-linux-x86_64-fedora-gcc 1.0.0 578.40 OK
r-devel-windows-x86_64 1.0.0 41.00 310.00 351.00 OK
r-patched-linux-x86_64 1.0.0 44.37 420.42 464.79 OK
r-release-linux-x86_64 1.0.0 32.50 424.01 456.51 OK
r-release-macos-arm64 1.0.0 196.00 OK
r-release-macos-x86_64 1.0.0 291.00 OK
r-release-windows-x86_64 1.0.0 40.00 323.00 363.00 OK
r-oldrel-macos-arm64 1.0.0 221.00 OK
r-oldrel-macos-x86_64 1.0.0 605.00 OK
r-oldrel-windows-x86_64 1.0.0 53.00 392.00 445.00 OK

Check Details

Version: 1.0.0
Check: package dependencies
Result: ERROR Packages required but not available: 'Seurat', 'SPECK' See section ‘The DESCRIPTION file’ in the ‘Writing R Extensions’ manual. Flavor: r-devel-linux-x86_64-debian-gcc