CRAN Package Check Results for Package SNPknock

Last updated on 2024-07-15 06:49:39 CEST.

Flavor Version Tinstall Tcheck Ttotal Status Flags
r-devel-linux-x86_64-debian-clang 0.8.2 75.89 215.84 291.73 NOTE
r-devel-linux-x86_64-debian-gcc 0.8.2 57.55 148.00 205.55 NOTE
r-devel-linux-x86_64-fedora-clang 0.8.2 393.70 NOTE
r-devel-linux-x86_64-fedora-gcc 0.8.2 456.76 NOTE
r-devel-windows-x86_64 0.8.2 71.00 189.00 260.00 NOTE
r-patched-linux-x86_64 0.8.2 63.86 194.99 258.85 NOTE
r-release-linux-x86_64 0.8.2 71.88 193.51 265.39 NOTE
r-release-macos-arm64 0.8.2 102.00 NOTE
r-release-macos-x86_64 0.8.2 135.00 NOTE
r-release-windows-x86_64 0.8.2 69.00 183.00 252.00 NOTE
r-oldrel-macos-arm64 0.8.2 116.00 NOTE
r-oldrel-macos-x86_64 0.8.2 179.00 NOTE
r-oldrel-windows-x86_64 0.8.2 81.00 230.00 311.00 NOTE

Check Details

Version: 0.8.2
Check: C++ specification
Result: NOTE Specified C++11: please drop specification unless essential Flavors: r-devel-linux-x86_64-debian-clang, r-devel-linux-x86_64-debian-gcc, r-devel-linux-x86_64-fedora-clang, r-devel-linux-x86_64-fedora-gcc, r-devel-windows-x86_64, r-patched-linux-x86_64, r-release-linux-x86_64, r-release-macos-arm64, r-release-macos-x86_64, r-release-windows-x86_64, r-oldrel-macos-arm64, r-oldrel-macos-x86_64, r-oldrel-windows-x86_64

Version: 0.8.2
Check: Rd files
Result: NOTE checkRd: (-1) knockoffGenotypes.Rd:32: Lost braces; missing escapes or markup? 32 | This function efficiently constructs group-knockoffs of {0,1,2} variables distributed | ^ checkRd: (-1) knockoffGenotypes.Rd:11: Lost braces; missing escapes or markup? 11 | \item{X}{a {0,1,2} matrix of size n-by-p containing the original variables.} | ^ checkRd: (-1) knockoffGenotypes.Rd:29: Lost braces; missing escapes or markup? 29 | A {0,1,2} matrix of size n-by-p containing the knockoff variables. | ^ Flavors: r-devel-linux-x86_64-debian-clang, r-devel-linux-x86_64-debian-gcc, r-devel-linux-x86_64-fedora-clang, r-devel-linux-x86_64-fedora-gcc, r-devel-windows-x86_64, r-patched-linux-x86_64, r-release-linux-x86_64, r-release-macos-arm64, r-release-macos-x86_64, r-release-windows-x86_64

Version: 0.8.2
Check: installed package size
Result: NOTE installed size is 6.1Mb sub-directories of 1Mb or more: extdata 3.1Mb libs 2.7Mb Flavors: r-release-macos-arm64, r-release-macos-x86_64, r-oldrel-macos-arm64, r-oldrel-macos-x86_64