CRAN Package Check Results for Package SBmedian

Last updated on 2024-07-21 18:54:22 CEST.

Flavor Version Tinstall Tcheck Ttotal Status Flags
r-devel-linux-x86_64-debian-clang 0.1.1 32.92 78.61 111.53 NOTE
r-devel-linux-x86_64-debian-gcc 0.1.1 21.89 62.56 84.45 NOTE
r-devel-linux-x86_64-fedora-clang 0.1.1 156.85 NOTE
r-devel-linux-x86_64-fedora-gcc 0.1.1 169.34 NOTE
r-devel-windows-x86_64 0.1.1 28.00 91.00 119.00 NOTE
r-patched-linux-x86_64 0.1.1 32.01 77.89 109.90 NOTE
r-release-linux-x86_64 0.1.1 35.10 75.87 110.97 NOTE
r-release-macos-arm64 0.1.1 41.00 NOTE
r-release-macos-x86_64 0.1.1 69.00 NOTE
r-release-windows-x86_64 0.1.1 32.00 88.00 120.00 NOTE
r-oldrel-macos-arm64 0.1.1 48.00 NOTE
r-oldrel-macos-x86_64 0.1.1 73.00 NOTE
r-oldrel-windows-x86_64 0.1.1 40.00 110.00 150.00 NOTE

Check Details

Version: 0.1.1
Check: C++ specification
Result: NOTE Specified C++11: please drop specification unless essential Flavors: r-devel-linux-x86_64-debian-clang, r-devel-linux-x86_64-debian-gcc, r-devel-linux-x86_64-fedora-clang, r-devel-linux-x86_64-fedora-gcc, r-devel-windows-x86_64, r-patched-linux-x86_64, r-release-linux-x86_64, r-release-macos-arm64, r-release-macos-x86_64, r-release-windows-x86_64, r-oldrel-macos-arm64, r-oldrel-macos-x86_64, r-oldrel-windows-x86_64