CRAN Package Check Results for Package SBMSplitMerge

Last updated on 2024-07-21 18:54:22 CEST.

Flavor Version Tinstall Tcheck Ttotal Status Flags
r-devel-linux-x86_64-debian-clang 1.1.1 6.67 129.63 136.30 NOTE
r-devel-linux-x86_64-debian-gcc 1.1.1 6.62 96.07 102.69 NOTE
r-devel-linux-x86_64-fedora-clang 1.1.1 170.41 NOTE
r-devel-linux-x86_64-fedora-gcc 1.1.1 187.40 NOTE
r-devel-windows-x86_64 1.1.1 9.00 115.00 124.00 NOTE
r-patched-linux-x86_64 1.1.1 9.22 121.06 130.28 NOTE
r-release-linux-x86_64 1.1.1 8.88 119.89 128.77 NOTE
r-release-macos-arm64 1.1.1 58.00 NOTE
r-release-macos-x86_64 1.1.1 85.00 NOTE
r-release-windows-x86_64 1.1.1 9.00 117.00 126.00 NOTE
r-oldrel-macos-arm64 1.1.1 58.00 NOTE
r-oldrel-macos-x86_64 1.1.1 97.00 NOTE
r-oldrel-windows-x86_64 1.1.1 11.00 142.00 153.00 NOTE

Check Details

Version: 1.1.1
Check: package subdirectories
Result: NOTE Problems with news in ‘NEWS.md’: Cannot extract version info from the following section titles: Updated help pages with examples Updated conjugate model sampler Flavors: r-devel-linux-x86_64-debian-clang, r-devel-linux-x86_64-debian-gcc, r-devel-linux-x86_64-fedora-clang, r-devel-linux-x86_64-fedora-gcc, r-devel-windows-x86_64, r-patched-linux-x86_64, r-release-linux-x86_64, r-release-macos-arm64, r-release-macos-x86_64, r-release-windows-x86_64, r-oldrel-macos-arm64, r-oldrel-macos-x86_64, r-oldrel-windows-x86_64