CRAN Package Check Results for Package Rwofost

Last updated on 2024-07-13 18:55:44 CEST.

Flavor Version Tinstall Tcheck Ttotal Status Flags
r-devel-linux-x86_64-debian-clang 0.8-3 81.93 66.44 148.37 NOTE
r-devel-linux-x86_64-debian-gcc 0.8-3 61.84 49.89 111.73 NOTE
r-devel-linux-x86_64-fedora-clang 0.8-3 221.81 NOTE
r-devel-linux-x86_64-fedora-gcc 0.8-3 231.41 NOTE
r-devel-windows-x86_64 0.8-3 68.00 95.00 163.00 NOTE
r-patched-linux-x86_64 0.8-3 79.15 63.18 142.33 NOTE
r-release-linux-x86_64 0.8-3 72.50 63.02 135.52 NOTE
r-release-macos-arm64 0.8-3 48.00 NOTE
r-release-macos-x86_64 0.8-3 69.00 NOTE
r-release-windows-x86_64 0.8-3 67.00 95.00 162.00 NOTE
r-oldrel-macos-arm64 0.8-3 57.00 NOTE
r-oldrel-macos-x86_64 0.8-3 92.00 NOTE
r-oldrel-windows-x86_64 0.8-3 82.00 113.00 195.00 NOTE

Check Details

Version: 0.8-3
Check: C++ specification
Result: NOTE Specified C++11: please drop specification unless essential Flavors: r-devel-linux-x86_64-debian-clang, r-devel-linux-x86_64-debian-gcc, r-devel-linux-x86_64-fedora-clang, r-devel-linux-x86_64-fedora-gcc, r-devel-windows-x86_64, r-patched-linux-x86_64, r-release-linux-x86_64, r-release-macos-arm64, r-release-macos-x86_64, r-release-windows-x86_64, r-oldrel-macos-arm64, r-oldrel-macos-x86_64, r-oldrel-windows-x86_64

Version: 0.8-3
Check: installed package size
Result: NOTE installed size is 10.3Mb sub-directories of 1Mb or more: libs 9.3Mb Flavors: r-release-macos-arm64, r-release-macos-x86_64, r-oldrel-macos-arm64, r-oldrel-macos-x86_64