CRAN Package Check Results for Package RobKF

Last updated on 2024-07-18 18:48:20 CEST.

Flavor Version Tinstall Tcheck Ttotal Status Flags
r-devel-linux-x86_64-debian-clang 1.0.2 433.23 102.41 535.64 OK
r-devel-linux-x86_64-debian-gcc 1.0.2 271.61 94.78 366.39 OK
r-devel-linux-x86_64-fedora-clang 1.0.2 749.69 OK
r-devel-linux-x86_64-fedora-gcc 1.0.2 850.72 OK
r-devel-windows-x86_64 1.0.2 316.00 123.00 439.00 OK
r-patched-linux-x86_64 1.0.2 351.02 122.37 473.39 OK
r-release-linux-x86_64 1.0.2 350.21 121.69 471.90 OK
r-release-macos-arm64 1.0.2 137.00 NOTE
r-release-macos-x86_64 1.0.2 128.00 NOTE
r-release-windows-x86_64 1.0.2 309.00 120.00 429.00 OK
r-oldrel-macos-arm64 1.0.2 152.00 NOTE
r-oldrel-macos-x86_64 1.0.2 254.00 NOTE
r-oldrel-windows-x86_64 1.0.2 391.00 148.00 539.00 OK

Check Details

Version: 1.0.2
Check: installed package size
Result: NOTE installed size is 40.5Mb sub-directories of 1Mb or more: libs 40.3Mb Flavors: r-release-macos-arm64, r-release-macos-x86_64, r-oldrel-macos-arm64, r-oldrel-macos-x86_64