CRAN Package Check Results for Package RcppSimdJson

Last updated on 2024-07-16 18:49:18 CEST.

Flavor Version Tinstall Tcheck Ttotal Status Flags
r-devel-linux-x86_64-debian-clang 0.1.12 127.13 47.82 174.95 OK
r-devel-linux-x86_64-debian-gcc 0.1.12 102.80 38.27 141.07 OK
r-devel-linux-x86_64-fedora-clang 0.1.12 246.24 NOTE
r-devel-linux-x86_64-fedora-gcc 0.1.12 297.28 OK
r-devel-windows-x86_64 0.1.12 94.00 91.00 185.00 NOTE
r-patched-linux-x86_64 0.1.12 125.80 47.45 173.25 OK
r-release-linux-x86_64 0.1.12 123.98 48.61 172.59 OK
r-release-macos-arm64 0.1.12 77.00 NOTE
r-release-macos-x86_64 0.1.12 167.00 NOTE
r-release-windows-x86_64 0.1.12 96.00 105.00 201.00 NOTE
r-oldrel-macos-arm64 0.1.12 71.00 NOTE
r-oldrel-macos-x86_64 0.1.12 141.00 NOTE
r-oldrel-windows-x86_64 0.1.12 80.00 82.00 162.00 NOTE

Additional issues

gcc12

Check Details

Version: 0.1.12
Check: installed package size
Result: NOTE installed size is 13.0Mb sub-directories of 1Mb or more: include 7.2Mb jsonexamples 3.8Mb libs 1.7Mb Flavors: r-devel-linux-x86_64-fedora-clang, r-devel-windows-x86_64, r-release-macos-arm64, r-release-macos-x86_64, r-release-windows-x86_64, r-oldrel-macos-arm64, r-oldrel-macos-x86_64, r-oldrel-windows-x86_64